{"id":182,"date":"2019-12-15T23:04:00","date_gmt":"2019-12-15T22:04:00","guid":{"rendered":"http:\/\/afaescolabarcelona.blogspot.com\/p\/consell-escolar-eb.html"},"modified":"2022-06-07T09:22:58","modified_gmt":"2022-06-07T08:22:58","slug":"consell-escolar","status":"publish","type":"page","link":"https:\/\/www.afaescolabarcelona.cat\/index.php\/comisions\/consell-escolar\/","title":{"rendered":"Representant Consell Escolar"},"content":{"rendered":"<div style=\"text-align: justify;\">\n<div><span>El&nbsp;<span class=\"il\">Consell<\/span>&nbsp;<span class=\"il\">Escolar<\/span>&nbsp;\u00e9s l\u2019\u00f2rgan de participaci\u00f3 de la comunitat&nbsp;<span class=\"il\">escolar<\/span>&nbsp;en el control i gesti\u00f3 de l\u2019<span class=\"il\">Escola<\/span>. L\u2019AFA te un\/a representant dins del&nbsp;<span class=\"il\">Consell<\/span>&nbsp;<span class=\"il\">Escolar<\/span>&nbsp;escollit\/da en Junta perqu\u00e8 la representi en tots aquells aspectes del seu funcionament o propostes de noves accions que requereixen d\u2019aprovaci\u00f3 en&nbsp;<span class=\"il\">Consell<\/span>&nbsp;<span class=\"il\">Escolar<\/span>&nbsp;segons la legislaci\u00f3 vigent: aprovaci\u00f3 d\u2019extraescolars, aprovaci\u00f3 de festes i les dates en les que es realitzaran, etc.&nbsp;<\/span><\/div>\n<div><span>&nbsp;<\/span><\/div>\n<div><span>El membre de la Junta de l\u2019AFA representant en el&nbsp;<span class=\"il\">Consell<\/span>&nbsp;<span class=\"il\">Escolar<\/span>, tamb\u00e9 est\u00e0 assignat\/da a la Comissi\u00f3 de llibres del&nbsp;<span class=\"il\">Consell<\/span>.<\/span><\/div>\n<div><span>&nbsp;<\/span><\/div>\n<div><span>En <a href=\"https:\/\/agora.xtec.cat\/escolabarcelona\/lescola\/actes-consell-escolar\/\" target=\"_blank\" rel=\"noopener noreferrer\">aquest enlla\u00e7<\/a> trobareu la composici\u00f3 del&nbsp;<span class=\"il\">Consell<\/span>&nbsp;i el resum de les actes que s\u2019aniran publicant.&nbsp;<\/span><\/div>\n<div><span>&nbsp;<\/span><\/div>\n<div><span>\u00c9s important que no confongueu el\/la representant de l\u2019AFA en en&nbsp;<span class=\"il\">Consell<\/span>&nbsp;<span class=\"il\">Escolar<\/span>&nbsp;amb els representants de les Fam\u00edles en el mateix&nbsp;<span class=\"il\">Consell<\/span>. Els representants de les Fam\u00edlies en el&nbsp;<span class=\"il\">Consell<\/span>&nbsp;<span class=\"il\">Escolar<\/span>&nbsp;son 5 persones (pares i\/o mares d\u2019alumnes) escollits mitjan\u00e7ant eleccions per tots els pares i mares de l\u2019<span class=\"il\">escola<\/span>, siguin o no pertanyents a l\u2019AFA i a ells us podeu adre\u00e7ar perqu\u00e8 traslladin vostres les consultes o resolguin dubtes o conflictes que hagin de ser tractats en&nbsp;<span class=\"il\">Consell<\/span>. Per posar-vos en contacte amb ells, podeu fer-ho per correu electr\u00f2nic a l\u2019adre\u00e7a&nbsp;<\/span><a href=\"mailto:familiesconsellescolabarcelona@gmail.com\" target=\"_blank\" rel=\"noopener noreferrer\">familiesconsellescola<wbr>barcelona@gmail.com<\/a><\/div>\n<div><\/div>\n<div><span>Si voleu con\u00e8ixer el funcionament del&nbsp;<span class=\"il\">Consell<\/span>&nbsp;<span class=\"il\">Escolar<\/span>&nbsp;us animem a llegir l\u2019apartat 2.1.b) (p\u00e0g. 5) de les NOFC (Normes d\u2019Organitzaci\u00f3 i Funcionament del Centre) publicades al web de l\u2019<span class=\"il\">escola<\/span>&nbsp;en l\u2019apartat de&nbsp;<b>Documents del Centre<\/b>. Us adjuntem l\u2019enlla\u00e7 directe:&nbsp;<\/span><a href=\"https:\/\/agora.xtec.cat\/escolabarcelona\/wp-content\/uploads\/usu56\/2020\/12\/NOFC-WEB-5.pdf\" target=\"_blank\" data-saferedirecturl=\"https:\/\/www.google.com\/url?q=https:\/\/agora.xtec.cat\/escolabarcelona\/wp-content\/uploads\/usu56\/2020\/12\/NOFC-WEB-5.pdf&amp;source=gmail&amp;ust=1607357123328000&amp;usg=AFQjCNH-ctDMk8PhmBOqh-zqLQ2c9fueFQ\" rel=\"noopener noreferrer\"><span style=\"font-size: large;\">https:\/\/agora.xtec.<wbr>cat\/escolabarcelona\/wp-<wbr>content\/uploads\/usu56\/2020\/12\/<wbr>NOFC-WEB-5.pdf<\/span><\/a><\/div>\n<div><span>&nbsp;<\/span><\/div>\n<div><span>A continuaci\u00f3 teniu els resums antics dels <span class=\"il\">Consells<\/span>&nbsp;dels quals se\u2019ns va fer arribar c\u00f2pia per part de direccions anteriors. Veureu que no hi ha acords publicats des de desembre de 2018 fins al juliol 2020 (des de juliol 2020 estan a l\u2019enlla\u00e7 de l\u2019<span class=\"il\">Escola<\/span>&nbsp;esmentat abans) perqu\u00e8 no es va permetre la seva publicaci\u00f3 per part de les direccions entre aquestes dates. En cas de que volgueu consultar les actes o resums dels&nbsp;<span class=\"il\">Consells<\/span>&nbsp;realitzats entre aquestes dates, us haureu d\u2019adre\u00e7ar a Direcci\u00f3 per demanar que se us permeti consultar-les f\u00edsicament.<\/span><\/div>\n<p><a href=\"https:\/\/drive.google.com\/file\/d\/1gMSMV1a6Q8_9hOhEJDj5lsfJONhbJGPv\/view?usp=sharing\" target=\"_blank\" rel=\"noopener noreferrer\" style=\"font-family: inherit; font-size: inherit;\">Consell Escolar &#8211; Desembre 2018<\/a><\/p>\n<div>\n<p><span style=\"font-family: inherit;\"><a href=\"https:\/\/drive.google.com\/open?id=1Dvh1Homd15IR556A6TD1qmumphDIDiJt\" target=\"_blank\" rel=\"noopener noreferrer\">Consell Escolar &#8211; Octubre 2018 <\/a><\/span><\/p>\n<p><span style=\"font-family: inherit;\"><a href=\"https:\/\/drive.google.com\/file\/d\/0B9wIWP-4_J71ak4weWhlQzN0NTg\/view?usp=sharing\" target=\"_blank\" rel=\"noopener noreferrer\">Consell Escolar &#8211; Curs 2016-2017<\/a> <\/span><\/p>\n<p><span style=\"font-family: inherit;\"><a href=\"https:\/\/drive.google.com\/file\/d\/0B9wIWP-4_J71T0YyaGpjZ0xSeXc\/view?usp=sharing\" target=\"_blank\" rel=\"noopener noreferrer\">Consell Escolar &#8211; Maig 201<span style=\"font-family: inherit;\">6<\/span><\/a><\/span><\/p>\n<p><span style=\"font-family: inherit;\"><a href=\"https:\/\/drive.google.com\/file\/d\/0B9wIWP-4_J71OTU3T0hBQlR1WmM\/view?usp=sharing\" target=\"_blank\" rel=\"noopener noreferrer\">Consell Escolar &#8211; Febrer 2016<\/a> <\/span><\/p>\n<p><a href=\"https:\/\/drive.google.com\/file\/d\/0B9wIWP-4_J71Rkp0WGxuWmRvUlU\/view?usp=sharing\" target=\"_blank\" rel=\"noopener noreferrer\"><span style=\"font-family: inherit;\">Consell Escolar &#8211; <span style=\"font-family: inherit;\">Octubre<\/span> 2015<\/span><\/a><\/p>\n<p><span style=\"font-family: inherit;\"><a href=\"https:\/\/drive.google.com\/file\/d\/0B9wIWP-4_J71LXF3c19ra0xKcEE\/view?usp=sharing\" target=\"_blank\" rel=\"noopener noreferrer\"><span style=\"font-family: inherit;\">Consell Escolar &#8211; Juny 2015<\/span><\/a> <\/span><\/p>\n<p><span style=\"font-family: inherit;\"><a href=\"https:\/\/drive.google.com\/file\/d\/0B9wIWP-4_J71YjdSNS1iMEE1V1k\/view?usp=sharing\" target=\"_blank\" rel=\"noopener noreferrer\">Consell Escolar &#8211; <span style=\"font-family: inherit;\">Maig<\/span> 2015 <\/a><\/span><\/p>\n<p><a href=\"https:\/\/drive.google.com\/file\/d\/0B9wIWP-4_J71ZVFva0N5MUxuSGM\/view?usp=sharing\" target=\"_blank\" rel=\"noopener noreferrer\">Consell Escolar &#8211;&nbsp;Febrer 2015<\/a><\/p>\n<p><a href=\"https:\/\/drive.google.com\/file\/d\/0B9wIWP-4_J71OFE5Q3JERG5tZm8\/view?usp=sharing\" target=\"_blank\" rel=\"noopener noreferrer\">Consell Escolar &#8211; Desembre 2014 Part 2<\/a><\/p>\n<p><a href=\"https:\/\/drive.google.com\/file\/d\/0B9wIWP-4_J71WnhJbms2di1kRm8\/view?usp=sharing\" target=\"_blank\" rel=\"noopener noreferrer\">Consell Escolar &#8211; Desembre 2014 Part 1<\/a><\/p>\n<p><a href=\"https:\/\/drive.google.com\/file\/d\/0B9wIWP-4_J71QWliUGFiVl9PRWs\/view?usp=sharing\" target=\"_blank\" rel=\"noopener noreferrer\">Consell Escolar &#8211;&nbsp;Octubre 2014<\/a><\/p>\n<p><a href=\"https:\/\/drive.google.com\/file\/d\/0B9wIWP-4_J71eDhKS0RLRWtHWTg\/edit?usp=sharing\" target=\"_blank\" rel=\"noopener noreferrer\">Consell Escolar &#8211; Juny 2014<\/a><\/p>\n<p><a href=\"https:\/\/drive.google.com\/file\/d\/0B9wIWP-4_J71dVFvb0JwR1dYZlE\/edit?usp=sharing\">Consell Escolar &#8211; Maig 2014<\/a><\/p>\n<p><a href=\"https:\/\/drive.google.com\/file\/d\/0B9wIWP-4_J71MnJpaU13RzBGREU\/edit?usp=sharing\">Consell Escolar &#8211; Febrer 2014<\/a><\/p>\n<\/div>\n<\/div>\n<div style=\"text-align: justify;\">\n<div><a href=\"https:\/\/drive.google.com\/file\/d\/0B9wIWP-4_J71TDlQTHZvSV9KWm8\/edit?usp=sharing\" target=\"\" rel=\"noopener noreferrer\">Consell Escolar &#8211; Desembre 2013<\/a><\/p>\n<p><a href=\"https:\/\/docs.google.com\/file\/d\/0B9wIWP-4_J71eWJMc0RIcVZoM1E\/edit?usp=sharing\"><span style=\"font-family: inherit;\">Consell Escolar &#8211; Setembre 2013<\/span><\/a><\/p>\n<div><a href=\"https:\/\/docs.google.com\/file\/d\/0B9wIWP-4_J71aWVaTmRKYTYwSzg\/edit?usp=sharing\"><span style=\"font-family: inherit;\">Consell Escolar &#8211; Juny 2013<\/span><\/a><\/p>\n<p><span style=\"font-family: inherit;\">&nbsp;<\/span><\/p>\n<\/div>\n<\/div>\n<\/div>\n<div style=\"text-align: justify;\"><span style=\"font-family: inherit;\"><\/span><\/div>\n<div style=\"text-align: justify;\"><\/div>\n<div style=\"text-align: justify;\"><span style=\"font-family: inherit;\">&nbsp;<\/span><\/div>\n<div style=\"text-align: justify;\"><span style=\"font-family: inherit;\">&nbsp;<\/span><\/div>\n<div style=\"text-align: justify;\"><\/div>\n","protected":false},"excerpt":{"rendered":"<p>El&nbsp;Consell&nbsp;Escolar&nbsp;\u00e9s l\u2019\u00f2rgan de participaci\u00f3 de la comunitat&nbsp;escolar&nbsp;en el control i gesti\u00f3 de l\u2019Escola. L\u2019AFA te un\/a representant dins del&nbsp;Consell&nbsp;Escolar&nbsp;escollit\/da en Junta perqu\u00e8 la representi en tots aquells aspectes del seu funcionament o propostes de noves accions que requereixen d\u2019aprovaci\u00f3 en&nbsp;Consell&nbsp;Escolar&nbsp;segons la legislaci\u00f3 vigent: aprovaci\u00f3 d\u2019extraescolars, aprovaci\u00f3 de festes i les [&hellip;]<\/p>\n","protected":false},"author":1,"featured_media":0,"parent":231,"menu_order":0,"comment_status":"closed","ping_status":"closed","template":"","meta":{"footnotes":""},"class_list":["post-182","page","type-page","status-publish","hentry"],"post_mailing_queue_ids":[],"_links":{"self":[{"href":"https:\/\/www.afaescolabarcelona.cat\/index.php\/wp-json\/wp\/v2\/pages\/182","targetHints":{"allow":["GET"]}}],"collection":[{"href":"https:\/\/www.afaescolabarcelona.cat\/index.php\/wp-json\/wp\/v2\/pages"}],"about":[{"href":"https:\/\/www.afaescolabarcelona.cat\/index.php\/wp-json\/wp\/v2\/types\/page"}],"author":[{"embeddable":true,"href":"https:\/\/www.afaescolabarcelona.cat\/index.php\/wp-json\/wp\/v2\/users\/1"}],"replies":[{"embeddable":true,"href":"https:\/\/www.afaescolabarcelona.cat\/index.php\/wp-json\/wp\/v2\/comments?post=182"}],"version-history":[{"count":6,"href":"https:\/\/www.afaescolabarcelona.cat\/index.php\/wp-json\/wp\/v2\/pages\/182\/revisions"}],"predecessor-version":[{"id":2190,"href":"https:\/\/www.afaescolabarcelona.cat\/index.php\/wp-json\/wp\/v2\/pages\/182\/revisions\/2190"}],"up":[{"embeddable":true,"href":"https:\/\/www.afaescolabarcelona.cat\/index.php\/wp-json\/wp\/v2\/pages\/231"}],"wp:attachment":[{"href":"https:\/\/www.afaescolabarcelona.cat\/index.php\/wp-json\/wp\/v2\/media?parent=182"}],"curies":[{"name":"wp","href":"https:\/\/api.w.org\/{rel}","templated":true}]}}

<div style="text-align: justify;">
<div><span>El&nbsp;<span class="il">Consell</span>&nbsp;<span class="il">Escolar</span>&nbsp;és l’òrgan de participació de la comunitat&nbsp;<span class="il">escolar</span>&nbsp;en el control i gestió de l’<span class="il">Escola</span>. L’AFA te un/a representant dins del&nbsp;<span class="il">Consell</span>&nbsp;<span class="il">Escolar</span>&nbsp;escollit/da en Junta perquè la representi en tots aquells aspectes del seu funcionament o propostes de noves accions que requereixen d’aprovació en&nbsp;<span class="il">Consell</span>&nbsp;<span class="il">Escolar</span>&nbsp;segons la legislació vigent: aprovació d’extraescolars, aprovació de festes i les dates en les que es realitzaran, etc.&nbsp;</span></div>
<div><span>&nbsp;</span></div>
<div><span>El membre de la Junta de l’AFA representant en el&nbsp;<span class="il">Consell</span>&nbsp;<span class="il">Escolar</span>, també està assignat/da a la Comissió de llibres del&nbsp;<span class="il">Consell</span>.</span></div>
<div><span>&nbsp;</span></div>
<div><span>En <a href="https://agora.xtec.cat/escolabarcelona/lescola/actes-consell-escolar/" target="_blank" rel="noopener noreferrer">aquest enllaç</a> trobareu la composició del&nbsp;<span class="il">Consell</span>&nbsp;i el resum de les actes que s’aniran publicant.&nbsp;</span></div>
<div><span>&nbsp;</span></div>
<div><span>És important que no confongueu el/la representant de l’AFA en en&nbsp;<span class="il">Consell</span>&nbsp;<span class="il">Escolar</span>&nbsp;amb els representants de les Famíles en el mateix&nbsp;<span class="il">Consell</span>. Els representants de les Famílies en el&nbsp;<span class="il">Consell</span>&nbsp;<span class="il">Escolar</span>&nbsp;son 5 persones (pares i/o mares d’alumnes) escollits mitjançant eleccions per tots els pares i mares de l’<span class="il">escola</span>, siguin o no pertanyents a l’AFA i a ells us podeu adreçar perquè traslladin vostres les consultes o resolguin dubtes o conflictes que hagin de ser tractats en&nbsp;<span class="il">Consell</span>. Per posar-vos en contacte amb ells, podeu fer-ho per correu electrònic a l’adreça&nbsp;</span><a href="mailto:familiesconsellescolabarcelona@gmail.com" target="_blank" rel="noopener noreferrer">familiesconsellescola<wbr>barcelona@gmail.com</a></div>
<div></div>
<div><span>Si voleu conèixer el funcionament del&nbsp;<span class="il">Consell</span>&nbsp;<span class="il">Escolar</span>&nbsp;us animem a llegir l’apartat 2.1.b) (pàg. 5) de les NOFC (Normes d’Organització i Funcionament del Centre) publicades al web de l’<span class="il">escola</span>&nbsp;en l’apartat de&nbsp;<b>Documents del Centre</b>. Us adjuntem l’enllaç directe:&nbsp;</span><a href="https://agora.xtec.cat/escolabarcelona/wp-content/uploads/usu56/2020/12/NOFC-WEB-5.pdf" target="_blank" data-saferedirecturl="https://www.google.com/url?q=https://agora.xtec.cat/escolabarcelona/wp-content/uploads/usu56/2020/12/NOFC-WEB-5.pdf&amp;source=gmail&amp;ust=1607357123328000&amp;usg=AFQjCNH-ctDMk8PhmBOqh-zqLQ2c9fueFQ" rel="noopener noreferrer"><span style="font-size: large;">https://agora.xtec.<wbr>cat/escolabarcelona/wp-<wbr>content/uploads/usu56/2020/12/<wbr>NOFC-WEB-5.pdf</span></a></div>
<div><span>&nbsp;</span></div>
<div><span>A continuació teniu els resums antics dels <span class="il">Consells</span>&nbsp;dels quals se’ns va fer arribar còpia per part de direccions anteriors. Veureu que no hi ha acords publicats des de desembre de 2018 fins al juliol 2020 (des de juliol 2020 estan a l’enllaç de l’<span class="il">Escola</span>&nbsp;esmentat abans) perquè no es va permetre la seva publicació per part de les direccions entre aquestes dates. En cas de que volgueu consultar les actes o resums dels&nbsp;<span class="il">Consells</span>&nbsp;realitzats entre aquestes dates, us haureu d’adreçar a Direcció per demanar que se us permeti consultar-les físicament.</span></div>
<p><a href="https://drive.google.com/file/d/1gMSMV1a6Q8_9hOhEJDj5lsfJONhbJGPv/view?usp=sharing" target="_blank" rel="noopener noreferrer" style="font-family: inherit; font-size: inherit;">Consell Escolar &#8211; Desembre 2018</a></p>
<div>
<p><span style="font-family: inherit;"><a href="https://drive.google.com/open?id=1Dvh1Homd15IR556A6TD1qmumphDIDiJt" target="_blank" rel="noopener noreferrer">Consell Escolar &#8211; Octubre 2018 </a></span></p>
<p><span style="font-family: inherit;"><a href="https://drive.google.com/file/d/0B9wIWP-4_J71ak4weWhlQzN0NTg/view?usp=sharing" target="_blank" rel="noopener noreferrer">Consell Escolar &#8211; Curs 2016-2017</a> </span></p>
<p><span style="font-family: inherit;"><a href="https://drive.google.com/file/d/0B9wIWP-4_J71T0YyaGpjZ0xSeXc/view?usp=sharing" target="_blank" rel="noopener noreferrer">Consell Escolar &#8211; Maig 201<span style="font-family: inherit;">6</span></a></span></p>
<p><span style="font-family: inherit;"><a href="https://drive.google.com/file/d/0B9wIWP-4_J71OTU3T0hBQlR1WmM/view?usp=sharing" target="_blank" rel="noopener noreferrer">Consell Escolar &#8211; Febrer 2016</a> </span></p>
<p><a href="https://drive.google.com/file/d/0B9wIWP-4_J71Rkp0WGxuWmRvUlU/view?usp=sharing" target="_blank" rel="noopener noreferrer"><span style="font-family: inherit;">Consell Escolar &#8211; <span style="font-family: inherit;">Octubre</span> 2015</span></a></p>
<p><span style="font-family: inherit;"><a href="https://drive.google.com/file/d/0B9wIWP-4_J71LXF3c19ra0xKcEE/view?usp=sharing" target="_blank" rel="noopener noreferrer"><span style="font-family: inherit;">Consell Escolar &#8211; Juny 2015</span></a> </span></p>
<p><span style="font-family: inherit;"><a href="https://drive.google.com/file/d/0B9wIWP-4_J71YjdSNS1iMEE1V1k/view?usp=sharing" target="_blank" rel="noopener noreferrer">Consell Escolar &#8211; <span style="font-family: inherit;">Maig</span> 2015 </a></span></p>
<p><a href="https://drive.google.com/file/d/0B9wIWP-4_J71ZVFva0N5MUxuSGM/view?usp=sharing" target="_blank" rel="noopener noreferrer">Consell Escolar &#8211;&nbsp;Febrer 2015</a></p>
<p><a href="https://drive.google.com/file/d/0B9wIWP-4_J71OFE5Q3JERG5tZm8/view?usp=sharing" target="_blank" rel="noopener noreferrer">Consell Escolar &#8211; Desembre 2014 Part 2</a></p>
<p><a href="https://drive.google.com/file/d/0B9wIWP-4_J71WnhJbms2di1kRm8/view?usp=sharing" target="_blank" rel="noopener noreferrer">Consell Escolar &#8211; Desembre 2014 Part 1</a></p>
<p><a href="https://drive.google.com/file/d/0B9wIWP-4_J71QWliUGFiVl9PRWs/view?usp=sharing" target="_blank" rel="noopener noreferrer">Consell Escolar &#8211;&nbsp;Octubre 2014</a></p>
<p><a href="https://drive.google.com/file/d/0B9wIWP-4_J71eDhKS0RLRWtHWTg/edit?usp=sharing" target="_blank" rel="noopener noreferrer">Consell Escolar &#8211; Juny 2014</a></p>
<p><a href="https://drive.google.com/file/d/0B9wIWP-4_J71dVFvb0JwR1dYZlE/edit?usp=sharing">Consell Escolar &#8211; Maig 2014</a></p>
<p><a href="https://drive.google.com/file/d/0B9wIWP-4_J71MnJpaU13RzBGREU/edit?usp=sharing">Consell Escolar &#8211; Febrer 2014</a></p>
</div>
</div>
<div style="text-align: justify;">
<div><a href="https://drive.google.com/file/d/0B9wIWP-4_J71TDlQTHZvSV9KWm8/edit?usp=sharing" target="" rel="noopener noreferrer">Consell Escolar &#8211; Desembre 2013</a></p>
<p><a href="https://docs.google.com/file/d/0B9wIWP-4_J71eWJMc0RIcVZoM1E/edit?usp=sharing"><span style="font-family: inherit;">Consell Escolar &#8211; Setembre 2013</span></a></p>
<div><a href="https://docs.google.com/file/d/0B9wIWP-4_J71aWVaTmRKYTYwSzg/edit?usp=sharing"><span style="font-family: inherit;">Consell Escolar &#8211; Juny 2013</span></a></p>
<p><span style="font-family: inherit;">&nbsp;</span></p>
</div>
</div>
</div>
<div style="text-align: justify;"><span style="font-family: inherit;"></span></div>
<div style="text-align: justify;"></div>
<div style="text-align: justify;"><span style="font-family: inherit;">&nbsp;</span></div>
<div style="text-align: justify;"><span style="font-family: inherit;">&nbsp;</span></div>
<div style="text-align: justify;"></div>

<p>El&nbsp;Consell&nbsp;Escolar&nbsp;és l’òrgan de participació de la comunitat&nbsp;escolar&nbsp;en el control i gestió de l’Escola. L’AFA te un/a representant dins del&nbsp;Consell&nbsp;Escolar&nbsp;escollit/da en Junta perquè la representi en tots aquells aspectes del seu funcionament o propostes de noves accions que requereixen d’aprovació en&nbsp;Consell&nbsp;Escolar&nbsp;segons la legislació vigent: aprovació d’extraescolars, aprovació de festes i les [&hellip;]</p>
