{"id":1871,"date":"2021-04-12T12:17:02","date_gmt":"2021-04-12T11:17:02","guid":{"rendered":"https:\/\/www.afaescolabarcelona.cat\/?page_id=1871"},"modified":"2023-05-10T08:53:54","modified_gmt":"2023-05-10T07:53:54","slug":"comisio-extraescolars","status":"publish","type":"page","link":"https:\/\/www.afaescolabarcelona.cat\/index.php\/comisio-extraescolars\/","title":{"rendered":"Comisi\u00f3 Extraescolars"},"content":{"rendered":"\n<section class=\"wp-block-themeisle-blocks-advanced-columns alignfull has-1-columns has-desktop-equal-layout has-tablet-equal-layout has-mobile-equal-layout has-nogap-gap has-vertical-flex-start\" id=\"wp-block-themeisle-blocks-advanced-columns-f6c7bffc\"><div class=\"wp-block-themeisle-blocks-advanced-columns-overlay\"><\/div><div class=\"innerblocks-wrap\">\n<div class=\"wp-block-themeisle-blocks-advanced-column\" id=\"wp-block-themeisle-blocks-advanced-column-1ab761b0\">\n<section class=\"wp-block-themeisle-blocks-advanced-columns has-2-columns has-desktop-equal-layout has-tablet-equal-layout has-mobile-collapsedRows-layout has-nogap-gap has-vertical-flex-start\" id=\"wp-block-themeisle-blocks-advanced-columns-2a9d29c1\"><div class=\"wp-block-themeisle-blocks-advanced-columns-overlay\"><\/div><div class=\"innerblocks-wrap\">\n<div class=\"wp-block-themeisle-blocks-advanced-column\" id=\"wp-block-themeisle-blocks-advanced-column-c7d4d29c\">\n<div id=\"wp-block-themeisle-blocks-advanced-heading-7e524142\" class=\"wp-block-themeisle-blocks-advanced-heading wp-block-themeisle-blocks-advanced-heading-7e524142\"><strong>Qu\u00e8 fem?<\/strong><\/div>\n<h3 class=\"has-text-align-left\">Finalitats Principals<\/h3>\n<ul><li>Organitzar les activitats extraescolars en el temps de migdia i tarda.<\/li><li>Organitzar els serveis d\u2019acollida i d\u2019espai tardes.<\/li><li>Organitzaci\u00f3 dels casals d\u2019estiu.<\/li><li>Establir contactes amb els prove\u00efdors externs a qui s&#8217;encarrega la realitzaci\u00f3 de les activitats oferides.<\/li><li>Fer seguiment i avaluaci\u00f3 de les activitats que porti a terme la Comissi\u00f3 per fer propostes de millores amb la m\u00e0xima qualitat.<\/li><\/ul>\n<h3 class=\"has-text-align-left\">Aportacions a la Junta<\/h3>\n<ul><li>Proposta anual d\u2019activitats i pressupost<\/li><li>Quadre d\u2019organitzaci\u00f3 de grups, organitzadors i espais<\/li><li>Incid\u00e8ncies amb els prove\u00efdors de serveis<\/li><li>Incid\u00e8ncies amb els alumnes i\/o les fam\u00edlies<\/li><\/ul>\n<\/div>\n<div class=\"wp-block-themeisle-blocks-advanced-column\" id=\"wp-block-themeisle-blocks-advanced-column-055569e2\">\n<figure class=\"wp-block-image size-large is-resized\"><img loading=\"lazy\" decoding=\"async\" src=\"https:\/\/www.afaescolabarcelona.cat\/wp-content\/uploads\/2021\/04\/los-mejores-deportes-infantiles-por-edad-1024x400.jpg\" alt=\"\" class=\"wp-image-1875\" width=\"248\" height=\"96\" srcset=\"https:\/\/www.afaescolabarcelona.cat\/wp-content\/uploads\/2021\/04\/los-mejores-deportes-infantiles-por-edad-1024x400.jpg 1024w, https:\/\/www.afaescolabarcelona.cat\/wp-content\/uploads\/2021\/04\/los-mejores-deportes-infantiles-por-edad-300x117.jpg 300w, https:\/\/www.afaescolabarcelona.cat\/wp-content\/uploads\/2021\/04\/los-mejores-deportes-infantiles-por-edad-768x300.jpg 768w, https:\/\/www.afaescolabarcelona.cat\/wp-content\/uploads\/2021\/04\/los-mejores-deportes-infantiles-por-edad.jpg 1280w\" sizes=\"auto, (max-width: 248px) 100vw, 248px\" \/><\/figure>\n<figure class=\"wp-block-image size-large\"><img loading=\"lazy\" decoding=\"async\" width=\"512\" height=\"344\" src=\"https:\/\/www.afaescolabarcelona.cat\/wp-content\/uploads\/2021\/04\/unnamed-1.jpg\" alt=\"\" class=\"wp-image-1873\" srcset=\"https:\/\/www.afaescolabarcelona.cat\/wp-content\/uploads\/2021\/04\/unnamed-1.jpg 512w, https:\/\/www.afaescolabarcelona.cat\/wp-content\/uploads\/2021\/04\/unnamed-1-300x202.jpg 300w\" sizes=\"auto, (max-width: 512px) 100vw, 512px\" \/><\/figure>\n<figure class=\"wp-block-image size-large\"><img loading=\"lazy\" decoding=\"async\" width=\"740\" height=\"380\" src=\"https:\/\/www.afaescolabarcelona.cat\/wp-content\/uploads\/2021\/04\/rear-view-of-girl-with-long-brunette-wavy-hair-looking-from-red-curtain_23-2147883024.jpg\" alt=\"\" class=\"wp-image-1872\" srcset=\"https:\/\/www.afaescolabarcelona.cat\/wp-content\/uploads\/2021\/04\/rear-view-of-girl-with-long-brunette-wavy-hair-looking-from-red-curtain_23-2147883024.jpg 740w, https:\/\/www.afaescolabarcelona.cat\/wp-content\/uploads\/2021\/04\/rear-view-of-girl-with-long-brunette-wavy-hair-looking-from-red-curtain_23-2147883024-300x154.jpg 300w\" sizes=\"auto, (max-width: 740px) 100vw, 740px\" \/><\/figure>\n<\/div>\n<\/div><\/section>\n<h3 id=\"wp-block-themeisle-blocks-advanced-heading-f9cc8a0e\" class=\"wp-block-themeisle-blocks-advanced-heading wp-block-themeisle-blocks-advanced-heading-f9cc8a0e\">Qui som<\/h3>\n<p class=\"has-text-align-center\">Actualment aquests s\u00f3m els integrans de la comisi\u00f3 d&#8217;Extraescolars i aix\u00ed ens repartim la feina<\/p>\n<div class=\"wp-block-themeisle-blocks-advanced-columns has-3-columns has-desktop-equal-layout has-tablet-equal-layout has-mobile-collapsedRows-layout has-default-gap has-vertical-unset\" id=\"wp-block-themeisle-blocks-advanced-columns-3990448a\"><div class=\"wp-block-themeisle-blocks-advanced-columns-overlay\"><\/div><div class=\"innerblocks-wrap\">\n<div class=\"wp-block-themeisle-blocks-advanced-column\" id=\"wp-block-themeisle-blocks-advanced-column-4582a622\">\n<div class=\"wp-block-image is-style-rounded\"><figure class=\"aligncenter size-large is-resized\"><img loading=\"lazy\" decoding=\"async\" src=\"https:\/\/www.afaescolabarcelona.cat\/wp-content\/uploads\/2020\/11\/user-unknown-woman-512.png\" alt=\"\" class=\"wp-image-1510\" width=\"132\" height=\"132\" srcset=\"https:\/\/www.afaescolabarcelona.cat\/wp-content\/uploads\/2020\/11\/user-unknown-woman-512.png 512w, https:\/\/www.afaescolabarcelona.cat\/wp-content\/uploads\/2020\/11\/user-unknown-woman-512-300x300.png 300w, https:\/\/www.afaescolabarcelona.cat\/wp-content\/uploads\/2020\/11\/user-unknown-woman-512-150x150.png 150w\" sizes=\"auto, (max-width: 132px) 100vw, 132px\" \/><figcaption><strong>VANESSA <\/strong><br><strong>SOSPEDRA<\/strong><\/figcaption><\/figure><\/div>\n<p class=\"has-text-align-center\">DIVERs i PISCINA<\/p>\n<\/div>\n<div class=\"wp-block-themeisle-blocks-advanced-column\" id=\"wp-block-themeisle-blocks-advanced-column-836a0034\">\n<div class=\"wp-block-image is-style-rounded\"><figure class=\"aligncenter size-large is-resized\"><img loading=\"lazy\" decoding=\"async\" src=\"https:\/\/www.afaescolabarcelona.cat\/wp-content\/uploads\/2020\/11\/user-unknown-woman-512.png\" alt=\"\" class=\"wp-image-1510\" width=\"131\" height=\"131\" srcset=\"https:\/\/www.afaescolabarcelona.cat\/wp-content\/uploads\/2020\/11\/user-unknown-woman-512.png 512w, https:\/\/www.afaescolabarcelona.cat\/wp-content\/uploads\/2020\/11\/user-unknown-woman-512-300x300.png 300w, https:\/\/www.afaescolabarcelona.cat\/wp-content\/uploads\/2020\/11\/user-unknown-woman-512-150x150.png 150w\" sizes=\"auto, (max-width: 131px) 100vw, 131px\" \/><figcaption><strong>\u00c0NGELS <\/strong><br><strong>CASALS<\/strong><\/figcaption><\/figure><\/div>\n<p class=\"has-text-align-center\">ANGL\u00c8S I UBAE<\/p>\n<\/div>\n<div class=\"wp-block-themeisle-blocks-advanced-column\" id=\"wp-block-themeisle-blocks-advanced-column-075caf67\">\n<div class=\"wp-block-image is-style-rounded\"><figure class=\"aligncenter size-large is-resized\"><img loading=\"lazy\" decoding=\"async\" src=\"https:\/\/www.afaescolabarcelona.cat\/wp-content\/uploads\/2020\/11\/user-unknown-woman-512.png\" alt=\"\" class=\"wp-image-1510\" width=\"132\" height=\"132\" srcset=\"https:\/\/www.afaescolabarcelona.cat\/wp-content\/uploads\/2020\/11\/user-unknown-woman-512.png 512w, https:\/\/www.afaescolabarcelona.cat\/wp-content\/uploads\/2020\/11\/user-unknown-woman-512-300x300.png 300w, https:\/\/www.afaescolabarcelona.cat\/wp-content\/uploads\/2020\/11\/user-unknown-woman-512-150x150.png 150w\" sizes=\"auto, (max-width: 132px) 100vw, 132px\" \/><figcaption><strong>\u00c0NGELA RODR\u00cdGUEZ<\/strong><\/figcaption><\/figure><\/div>\n<p class=\"has-text-align-center\">TEATRE I M\u00daSICA<\/p>\n<\/div>\n<\/div><\/div>\n<\/div>\n<\/div><\/section>\n\n\n\n<p><\/p>\n","protected":false},"excerpt":{"rendered":"<p>Qu\u00e8 fem? Finalitats Principals Organitzar les activitats extraescolars en el temps de migdia i tarda. Organitzar els serveis d\u2019acollida i d\u2019espai tardes. Organitzaci\u00f3 dels casals d\u2019estiu. Establir contactes amb els prove\u00efdors externs a qui s&#8217;encarrega la realitzaci\u00f3 de les activitats oferides. Fer seguiment i avaluaci\u00f3 de les activitats que porti [&hellip;]<\/p>\n","protected":false},"author":1,"featured_media":1874,"parent":0,"menu_order":0,"comment_status":"closed","ping_status":"closed","template":"","meta":{"footnotes":""},"class_list":["post-1871","page","type-page","status-publish","has-post-thumbnail","hentry"],"post_mailing_queue_ids":[],"_links":{"self":[{"href":"https:\/\/www.afaescolabarcelona.cat\/index.php\/wp-json\/wp\/v2\/pages\/1871","targetHints":{"allow":["GET"]}}],"collection":[{"href":"https:\/\/www.afaescolabarcelona.cat\/index.php\/wp-json\/wp\/v2\/pages"}],"about":[{"href":"https:\/\/www.afaescolabarcelona.cat\/index.php\/wp-json\/wp\/v2\/types\/page"}],"author":[{"embeddable":true,"href":"https:\/\/www.afaescolabarcelona.cat\/index.php\/wp-json\/wp\/v2\/users\/1"}],"replies":[{"embeddable":true,"href":"https:\/\/www.afaescolabarcelona.cat\/index.php\/wp-json\/wp\/v2\/comments?post=1871"}],"version-history":[{"count":3,"href":"https:\/\/www.afaescolabarcelona.cat\/index.php\/wp-json\/wp\/v2\/pages\/1871\/revisions"}],"predecessor-version":[{"id":2437,"href":"https:\/\/www.afaescolabarcelona.cat\/index.php\/wp-json\/wp\/v2\/pages\/1871\/revisions\/2437"}],"wp:featuredmedia":[{"embeddable":true,"href":"https:\/\/www.afaescolabarcelona.cat\/index.php\/wp-json\/wp\/v2\/media\/1874"}],"wp:attachment":[{"href":"https:\/\/www.afaescolabarcelona.cat\/index.php\/wp-json\/wp\/v2\/media?parent=1871"}],"curies":[{"name":"wp","href":"https:\/\/api.w.org\/{rel}","templated":true}]}}

Comisió Extraescolars

<section class="wp-block-themeisle-blocks-advanced-columns alignfull has-1-columns has-desktop-equal-layout has-tablet-equal-layout has-mobile-equal-layout has-nogap-gap has-vertical-flex-start" id="wp-block-themeisle-blocks-advanced-columns-f6c7bffc"><div class="wp-block-themeisle-blocks-advanced-columns-overlay"></div><div class="innerblocks-wrap">
<div class="wp-block-themeisle-blocks-advanced-column" id="wp-block-themeisle-blocks-advanced-column-1ab761b0">
<section class="wp-block-themeisle-blocks-advanced-columns has-2-columns has-desktop-equal-layout has-tablet-equal-layout has-mobile-collapsedRows-layout has-nogap-gap has-vertical-flex-start" id="wp-block-themeisle-blocks-advanced-columns-2a9d29c1"><div class="wp-block-themeisle-blocks-advanced-columns-overlay"></div><div class="innerblocks-wrap">
<div class="wp-block-themeisle-blocks-advanced-column" id="wp-block-themeisle-blocks-advanced-column-c7d4d29c">
<div id="wp-block-themeisle-blocks-advanced-heading-7e524142" class="wp-block-themeisle-blocks-advanced-heading wp-block-themeisle-blocks-advanced-heading-7e524142"><strong>Què fem?</strong></div>
<h3 class="has-text-align-left">Finalitats Principals</h3>
<ul><li>Organitzar les activitats extraescolars en el temps de migdia i tarda.</li><li>Organitzar els serveis d’acollida i d’espai tardes.</li><li>Organització dels casals d’estiu.</li><li>Establir contactes amb els proveïdors externs a qui s&#8217;encarrega la realització de les activitats oferides.</li><li>Fer seguiment i avaluació de les activitats que porti a terme la Comissió per fer propostes de millores amb la màxima qualitat.</li></ul>
<h3 class="has-text-align-left">Aportacions a la Junta</h3>
<ul><li>Proposta anual d’activitats i pressupost</li><li>Quadre d’organització de grups, organitzadors i espais</li><li>Incidències amb els proveïdors de serveis</li><li>Incidències amb els alumnes i/o les famílies</li></ul>
</div>
<div class="wp-block-themeisle-blocks-advanced-column" id="wp-block-themeisle-blocks-advanced-column-055569e2">
<figure class="wp-block-image size-large is-resized"><img loading="lazy" decoding="async" src="https://www.afaescolabarcelona.cat/wp-content/uploads/2021/04/los-mejores-deportes-infantiles-por-edad-1024x400.jpg" alt="" class="wp-image-1875" width="248" height="96" srcset="https://www.afaescolabarcelona.cat/wp-content/uploads/2021/04/los-mejores-deportes-infantiles-por-edad-1024x400.jpg 1024w, https://www.afaescolabarcelona.cat/wp-content/uploads/2021/04/los-mejores-deportes-infantiles-por-edad-300x117.jpg 300w, https://www.afaescolabarcelona.cat/wp-content/uploads/2021/04/los-mejores-deportes-infantiles-por-edad-768x300.jpg 768w, https://www.afaescolabarcelona.cat/wp-content/uploads/2021/04/los-mejores-deportes-infantiles-por-edad.jpg 1280w" sizes="auto, (max-width: 248px) 100vw, 248px" /></figure>
<figure class="wp-block-image size-large"><img loading="lazy" decoding="async" width="512" height="344" src="https://www.afaescolabarcelona.cat/wp-content/uploads/2021/04/unnamed-1.jpg" alt="" class="wp-image-1873" srcset="https://www.afaescolabarcelona.cat/wp-content/uploads/2021/04/unnamed-1.jpg 512w, https://www.afaescolabarcelona.cat/wp-content/uploads/2021/04/unnamed-1-300x202.jpg 300w" sizes="auto, (max-width: 512px) 100vw, 512px" /></figure>
<figure class="wp-block-image size-large"><img loading="lazy" decoding="async" width="740" height="380" src="https://www.afaescolabarcelona.cat/wp-content/uploads/2021/04/rear-view-of-girl-with-long-brunette-wavy-hair-looking-from-red-curtain_23-2147883024.jpg" alt="" class="wp-image-1872" srcset="https://www.afaescolabarcelona.cat/wp-content/uploads/2021/04/rear-view-of-girl-with-long-brunette-wavy-hair-looking-from-red-curtain_23-2147883024.jpg 740w, https://www.afaescolabarcelona.cat/wp-content/uploads/2021/04/rear-view-of-girl-with-long-brunette-wavy-hair-looking-from-red-curtain_23-2147883024-300x154.jpg 300w" sizes="auto, (max-width: 740px) 100vw, 740px" /></figure>
</div>
</div></section>
<h3 id="wp-block-themeisle-blocks-advanced-heading-f9cc8a0e" class="wp-block-themeisle-blocks-advanced-heading wp-block-themeisle-blocks-advanced-heading-f9cc8a0e">Qui som</h3>
<p class="has-text-align-center">Actualment aquests sóm els integrans de la comisió d&#8217;Extraescolars i així ens repartim la feina</p>
<div class="wp-block-themeisle-blocks-advanced-columns has-3-columns has-desktop-equal-layout has-tablet-equal-layout has-mobile-collapsedRows-layout has-default-gap has-vertical-unset" id="wp-block-themeisle-blocks-advanced-columns-3990448a"><div class="wp-block-themeisle-blocks-advanced-columns-overlay"></div><div class="innerblocks-wrap">
<div class="wp-block-themeisle-blocks-advanced-column" id="wp-block-themeisle-blocks-advanced-column-4582a622">
<div class="wp-block-image is-style-rounded"><figure class="aligncenter size-large is-resized"><img loading="lazy" decoding="async" src="https://www.afaescolabarcelona.cat/wp-content/uploads/2020/11/user-unknown-woman-512.png" alt="" class="wp-image-1510" width="132" height="132" srcset="https://www.afaescolabarcelona.cat/wp-content/uploads/2020/11/user-unknown-woman-512.png 512w, https://www.afaescolabarcelona.cat/wp-content/uploads/2020/11/user-unknown-woman-512-300x300.png 300w, https://www.afaescolabarcelona.cat/wp-content/uploads/2020/11/user-unknown-woman-512-150x150.png 150w" sizes="auto, (max-width: 132px) 100vw, 132px" /><figcaption><strong>VANESSA </strong><br><strong>SOSPEDRA</strong></figcaption></figure></div>
<p class="has-text-align-center">DIVERs i PISCINA</p>
</div>
<div class="wp-block-themeisle-blocks-advanced-column" id="wp-block-themeisle-blocks-advanced-column-836a0034">
<div class="wp-block-image is-style-rounded"><figure class="aligncenter size-large is-resized"><img loading="lazy" decoding="async" src="https://www.afaescolabarcelona.cat/wp-content/uploads/2020/11/user-unknown-woman-512.png" alt="" class="wp-image-1510" width="131" height="131" srcset="https://www.afaescolabarcelona.cat/wp-content/uploads/2020/11/user-unknown-woman-512.png 512w, https://www.afaescolabarcelona.cat/wp-content/uploads/2020/11/user-unknown-woman-512-300x300.png 300w, https://www.afaescolabarcelona.cat/wp-content/uploads/2020/11/user-unknown-woman-512-150x150.png 150w" sizes="auto, (max-width: 131px) 100vw, 131px" /><figcaption><strong>ÀNGELS </strong><br><strong>CASALS</strong></figcaption></figure></div>
<p class="has-text-align-center">ANGLÈS I UBAE</p>
</div>
<div class="wp-block-themeisle-blocks-advanced-column" id="wp-block-themeisle-blocks-advanced-column-075caf67">
<div class="wp-block-image is-style-rounded"><figure class="aligncenter size-large is-resized"><img loading="lazy" decoding="async" src="https://www.afaescolabarcelona.cat/wp-content/uploads/2020/11/user-unknown-woman-512.png" alt="" class="wp-image-1510" width="132" height="132" srcset="https://www.afaescolabarcelona.cat/wp-content/uploads/2020/11/user-unknown-woman-512.png 512w, https://www.afaescolabarcelona.cat/wp-content/uploads/2020/11/user-unknown-woman-512-300x300.png 300w, https://www.afaescolabarcelona.cat/wp-content/uploads/2020/11/user-unknown-woman-512-150x150.png 150w" sizes="auto, (max-width: 132px) 100vw, 132px" /><figcaption><strong>ÀNGELA RODRÍGUEZ</strong></figcaption></figure></div>
<p class="has-text-align-center">TEATRE I MÚSICA</p>
</div>
</div></div>
</div>
</div></section>



<p></p>

<p>Què fem? Finalitats Principals Organitzar les activitats extraescolars en el temps de migdia i tarda. Organitzar els serveis d’acollida i d’espai tardes. Organització dels casals d’estiu. Establir contactes amb els proveïdors externs a qui s&#8217;encarrega la realització de les activitats oferides. Fer seguiment i avaluació de les activitats que porti [&hellip;]</p>
