{"id":1954,"date":"2021-09-03T18:28:11","date_gmt":"2021-09-03T17:28:11","guid":{"rendered":"https:\/\/www.afaescolabarcelona.cat\/?page_id=1954"},"modified":"2023-04-25T09:18:22","modified_gmt":"2023-04-25T08:18:22","slug":"comic","status":"publish","type":"page","link":"https:\/\/www.afaescolabarcelona.cat\/index.php\/comic\/","title":{"rendered":"C\u00f2mic"},"content":{"rendered":"\n<div class=\"wp-block-themeisle-blocks-advanced-columns has-1-columns has-desktop-equal-layout has-tablet-equal-layout has-mobile-equal-layout has-default-gap has-vertical-unset\" id=\"wp-block-themeisle-blocks-advanced-columns-dcbb3450\" style=\"border-width:0px;border-style:solid;border-color:#000000;border-radius:0px;justify-content:unset\"><div class=\"wp-themeisle-block-overlay\" style=\"opacity:0.5;mix-blend-mode:normal\"><\/div><div class=\"innerblocks-wrap\">\n<div class=\"wp-block-themeisle-blocks-advanced-column\" id=\"wp-block-themeisle-blocks-advanced-column-90174d66\" style=\"border-width:0px;border-style:solid;border-color:#000000;border-radius:0px\">\n<p><b>Dirigit a: <\/b>3r a 6\u00e8<\/p>\n<p><b>Responsable: <\/b>Diver&#8217;s<\/p>\n<p><b>Descripci\u00f3 de l\u2019activitat: <\/b><br>\n<b>PRESENTACI\u00d3<\/b><br>\nL\u2019activitat de c\u00f2mic \u00e9s la introducci\u00f3 a l\u2019art de la narrativa en dibuixos, l\u2019apropament als c\u00f2mics de tots els estils, als millors dibuixants i artistes (des del c\u00f2mic cl\u00e0ssic fins a la darrera generaci\u00f3 de dibuix japon\u00e8s, passant pel c\u00f2mic nord-americ\u00e0 i europeu), tot aprenent pas a pas les t\u00e8cniques i recursos, descobrint personatges i hist\u00f2ries, i coneixent el sector professionalment (dibuixant, guionista&#8230;). <br><br>\nEl fet de crear vinyetes permet a l\u2019infant, expandir-se mentalment, utilitzant la seva imaginaci\u00f3, i posant a prova el seu enginy, trobant el l\u00edmit a on nom\u00e9s ell\/a el vulgui posar. El c\u00f2mic \u00e9s una activitat tant cultural com ho puguin ser la lectura, escriptura o pintura. Parlant des del punt de vista pl\u00e0stic, el c\u00f2mic \u00e9s una t\u00e8cnica d\u2019expressi\u00f3 gr\u00e0fic-pl\u00e0stica, \u00e9s a dir, que exercita el talent per dibuixar i treballar la tra\u00e7a a l\u2019hora d\u2019utilitzar els diferents materials, estris, tipus de paper, llapis, tintes\u2026 <br><br>\nEls monitors i monitores de l\u2019activitat estan formats com a il\u00b7lustradors\/es i t\u00e8cnics\/es en dibuix i creaci\u00f3 de c\u00f2mics per l\u2019escola de c\u00f2mic JOSO.<br><br>\n<b>METODOLOGIA<\/b><br>\nAquesta programaci\u00f3 compr\u00e8n des que l\u2019infant s\u2019inicia a 3r de prim\u00e0ria fins que acaba a 6\u00e8. Cada grup toca tots els temes i continguts proposats des de l\u2019inici, des del primer curs que fan c\u00f2mic (a 3r \u00e9s una iniciaci\u00f3, a 4t evolucionen i a 5\u00e8 i 6\u00e8 perfeccionen, maqueten i s\u2019inicien en la tintada en color).<br><br> \nExperimenten el c\u00f2mic directament des de la pr\u00e0ctica, amb llapis i paper.<br><br> \n<b>OBJECTIUS<\/b><br>\n<\/p><ul>\n<li>Fomentar la lectura. <\/li>\n<li>Perfeccionar la comprensi\u00f3 lectora i escrita. <\/li>\n<li>Estimular la mem\u00f2ria. <\/li>\n<li>Afavorir l\u2019aprenentatge ling\u00fc\u00edstic. <\/li>\n<li>Augmentar l\u2019inter\u00e8s per la literatura i la creaci\u00f3. <\/li>\n<li>Fomentar la capacitat d\u2019abstracci\u00f3. <\/li>\n<li>Desenvolupar un sentit cr\u00edtic davant el m\u00f3n que els envolta.<\/li>\n<\/ul>\n<b>CONTINGUTS I ACTIVITATS<\/b><br>\n<ul>\n<li><b>C\u00d2MIC:<\/b> Cl\u00e0ssic: blanc i negre \/ C\u00f2mic a Espanya \/ \u00c0mbit europeu: aventures i ci\u00e8ncia-ficci\u00f3 \/ Nord-Am\u00e8rica: els superherois \/ Manga: el c\u00f2mic japon\u00e8s.<\/li> \n<li><b>PERSONATGE:<\/b> Rostre i anatomia en general \/ Expressions i indument\u00e0ria \/ Caracter\u00edstiques psicol\u00f2giques \/ Personatges no humans: criatures fant\u00e0stiques, bestiari&#8230; <\/li>\n<li><b>MOVIMENT:<\/b> Equilibri \/ L\u00ednia de moviment i acci\u00f3 \/ Posicions corporals. <\/li>\n<li><b>ESCENARI:<\/b> Entorns de la terra i ambients naturals \/ El nostre entorn: la ciutat \/ Mobiliari urb\u00e0 i mitjans de transport. <\/li>\n<li><b>HIST\u00d2RIA:<\/b> L\u00ednia argumental del c\u00f2mic \/ G\u00e8neres principals \/ Temes i arguments. <\/li>\n<li><b>P\u00c0GINA:<\/b> Estructura i vinyetes \/ Ordres d\u2019aparici\u00f3 \/ Tipus de plans \/ Tipus de globus. <\/li>\n<li><b>ACABAT:<\/b> Entintat: trames i t\u00e8cniques de color.<\/li>\n<li><b>RECURSOS:<\/b> Trucs per donar al nostre c\u00f2mic un resultat sorprenent, per aconseguir diversos efectes. <\/li>\n<li><b>PROJECTE FINAL:<\/b> Creaci\u00f3 d\u2019un c\u00f2mic per alumne\/a com a avaluaci\u00f3 del curs i com a mostra del treball realitzat durant la temporada. Aquests c\u00f2mics es reuniran en un fanzine que es publicar\u00e0 a nivell d\u2019escola.<\/li>\n<li>+ VISITA AL SAL\u00d3 DEL C\u00d2MIC.<\/li>\n<\/ul>\n<p><\/p>\n<p><b>Material \/ vestuari: <\/b>En aquesta activitat no es requereix cap mena de material ni vestuari concret.<\/p>\n<p><b>Lloc de realitzaci\u00f3 i recollida: <\/b>L\u2019activitat es realitza a les aules de l\u2019escola. La recollida es far\u00e0 a les 17,15h al porxo.<\/p><\/div>\n<\/div><\/div>\n\n\n\n<p><\/p>\n","protected":false},"excerpt":{"rendered":"<p>Dirigit a: 3r a 6\u00e8 Responsable: Diver&#8217;s Descripci\u00f3 de l\u2019activitat: PRESENTACI\u00d3 L\u2019activitat de c\u00f2mic \u00e9s la introducci\u00f3 a l\u2019art de la narrativa en dibuixos, l\u2019apropament als c\u00f2mics de tots els estils, als millors dibuixants i artistes (des del c\u00f2mic cl\u00e0ssic fins a la darrera generaci\u00f3 de dibuix japon\u00e8s, passant pel [&hellip;]<\/p>\n","protected":false},"author":1,"featured_media":0,"parent":0,"menu_order":0,"comment_status":"closed","ping_status":"closed","template":"","meta":{"footnotes":""},"class_list":["post-1954","page","type-page","status-publish","hentry"],"post_mailing_queue_ids":[],"_links":{"self":[{"href":"https:\/\/www.afaescolabarcelona.cat\/index.php\/wp-json\/wp\/v2\/pages\/1954","targetHints":{"allow":["GET"]}}],"collection":[{"href":"https:\/\/www.afaescolabarcelona.cat\/index.php\/wp-json\/wp\/v2\/pages"}],"about":[{"href":"https:\/\/www.afaescolabarcelona.cat\/index.php\/wp-json\/wp\/v2\/types\/page"}],"author":[{"embeddable":true,"href":"https:\/\/www.afaescolabarcelona.cat\/index.php\/wp-json\/wp\/v2\/users\/1"}],"replies":[{"embeddable":true,"href":"https:\/\/www.afaescolabarcelona.cat\/index.php\/wp-json\/wp\/v2\/comments?post=1954"}],"version-history":[{"count":4,"href":"https:\/\/www.afaescolabarcelona.cat\/index.php\/wp-json\/wp\/v2\/pages\/1954\/revisions"}],"predecessor-version":[{"id":2375,"href":"https:\/\/www.afaescolabarcelona.cat\/index.php\/wp-json\/wp\/v2\/pages\/1954\/revisions\/2375"}],"wp:attachment":[{"href":"https:\/\/www.afaescolabarcelona.cat\/index.php\/wp-json\/wp\/v2\/media?parent=1954"}],"curies":[{"name":"wp","href":"https:\/\/api.w.org\/{rel}","templated":true}]}}