{"id":2311,"date":"2023-04-24T14:01:35","date_gmt":"2023-04-24T13:01:35","guid":{"rendered":"https:\/\/www.afaescolabarcelona.cat\/?page_id=2311"},"modified":"2023-04-25T09:28:59","modified_gmt":"2023-04-25T08:28:59","slug":"voleibol","status":"publish","type":"page","link":"https:\/\/www.afaescolabarcelona.cat\/index.php\/voleibol\/","title":{"rendered":"Voleibol"},"content":{"rendered":"\n<div class=\"wp-block-themeisle-blocks-advanced-columns has-1-columns has-desktop-equal-layout has-tablet-equal-layout has-mobile-equal-layout has-default-gap has-vertical-unset\" id=\"wp-block-themeisle-blocks-advanced-columns-dcbb3450\" style=\"border-width:0px;border-style:solid;border-color:#000000;border-radius:0px;justify-content:unset\"><div class=\"wp-themeisle-block-overlay\" style=\"opacity:0.5;mix-blend-mode:normal\"><\/div><div class=\"innerblocks-wrap\">\n<div class=\"wp-block-themeisle-blocks-advanced-column\" id=\"wp-block-themeisle-blocks-advanced-column-90174d66\" style=\"border-width:0px;border-style:solid;border-color:#000000;border-radius:0px\">\n<p style=\"background-color:#efc87c\"><strong>A PARTIR DEL CURS 2023\/2024<\/strong><\/p>\n<p><b>Dirigit a: <\/b>de 1er a 6\u00e8<\/p>\n<p><b>Responsable: <\/b>EduActivities (<a href=\"https:\/\/www.eduactivities.cat\/\" target=\"_blank\" rel=\"noopener\">https:\/\/www.eduactivities.cat\/<\/a>)<\/p>\n<p><b>Descripci\u00f3 de l\u2019activitat: <\/b><br>\nAquesta activitat apropa aquest esport a tots els infants. Organitzarem jocs i exercicis d\u2019iniciaci\u00f3 on poc a poc aniran millorant mentre gaudeixen d\u2019un esport diferent i din\u00e0mic. Practicaran exercicis per millorar les habilitats motrius i la t\u00e8cnica b\u00e0sica del volei.<br><br>\nEn funci\u00f3 del nivell i l\u2019evoluci\u00f3 de cada grup anirem fent partits amistosos i podrem competir, si volen, dins la lliga organitzada pel Consell de l\u2019Esport de Barcelona.<br><br>\nAquest esport potencia per sobre de tot, els valors de formar part d\u00b4un grup.<\/p>\n<p><b>Material \/ vestuari: <\/b>Els infants han de venir amb roba c\u00f2moda  i cal\u00e7at esportiu posat des de casa.<\/p>\n<p><b>Lloc de realitzaci\u00f3 i recollida: <\/b>L\u2019activitat es realitza al pati de l\u2019escola. La recollida es far\u00e0 a les 17:15h al porxo de l\u2019escola.<\/p><\/div>\n<\/div><\/div>\n\n\n\n<p><\/p>\n","protected":false},"excerpt":{"rendered":"<p>A PARTIR DEL CURS 2023\/2024 Dirigit a: de 1er a 6\u00e8 Responsable: EduActivities (https:\/\/www.eduactivities.cat\/) Descripci\u00f3 de l\u2019activitat: Aquesta activitat apropa aquest esport a tots els infants. Organitzarem jocs i exercicis d\u2019iniciaci\u00f3 on poc a poc aniran millorant mentre gaudeixen d\u2019un esport diferent i din\u00e0mic. Practicaran exercicis per millorar les habilitats [&hellip;]<\/p>\n","protected":false},"author":1,"featured_media":0,"parent":0,"menu_order":0,"comment_status":"closed","ping_status":"closed","template":"","meta":{"footnotes":""},"class_list":["post-2311","page","type-page","status-publish","hentry"],"post_mailing_queue_ids":[],"_links":{"self":[{"href":"https:\/\/www.afaescolabarcelona.cat\/index.php\/wp-json\/wp\/v2\/pages\/2311","targetHints":{"allow":["GET"]}}],"collection":[{"href":"https:\/\/www.afaescolabarcelona.cat\/index.php\/wp-json\/wp\/v2\/pages"}],"about":[{"href":"https:\/\/www.afaescolabarcelona.cat\/index.php\/wp-json\/wp\/v2\/types\/page"}],"author":[{"embeddable":true,"href":"https:\/\/www.afaescolabarcelona.cat\/index.php\/wp-json\/wp\/v2\/users\/1"}],"replies":[{"embeddable":true,"href":"https:\/\/www.afaescolabarcelona.cat\/index.php\/wp-json\/wp\/v2\/comments?post=2311"}],"version-history":[{"count":3,"href":"https:\/\/www.afaescolabarcelona.cat\/index.php\/wp-json\/wp\/v2\/pages\/2311\/revisions"}],"predecessor-version":[{"id":2385,"href":"https:\/\/www.afaescolabarcelona.cat\/index.php\/wp-json\/wp\/v2\/pages\/2311\/revisions\/2385"}],"wp:attachment":[{"href":"https:\/\/www.afaescolabarcelona.cat\/index.php\/wp-json\/wp\/v2\/media?parent=2311"}],"curies":[{"name":"wp","href":"https:\/\/api.w.org\/{rel}","templated":true}]}}