{"id":2318,"date":"2023-04-24T14:20:12","date_gmt":"2023-04-24T13:20:12","guid":{"rendered":"https:\/\/www.afaescolabarcelona.cat\/?page_id=2318"},"modified":"2023-04-25T09:30:21","modified_gmt":"2023-04-25T08:30:21","slug":"gimnasia-ritmica","status":"publish","type":"page","link":"https:\/\/www.afaescolabarcelona.cat\/index.php\/gimnasia-ritmica\/","title":{"rendered":"R\u00edtmica"},"content":{"rendered":"\n<div class=\"wp-block-themeisle-blocks-advanced-columns has-1-columns has-desktop-equal-layout has-tablet-equal-layout has-mobile-equal-layout has-default-gap has-vertical-unset\" id=\"wp-block-themeisle-blocks-advanced-columns-dcbb3450\" style=\"border-width:0px;border-style:solid;border-color:#000000;border-radius:0px;justify-content:unset\"><div class=\"wp-themeisle-block-overlay\" style=\"opacity:0.5;mix-blend-mode:normal\"><\/div><div class=\"innerblocks-wrap\">\n<div class=\"wp-block-themeisle-blocks-advanced-column\" id=\"wp-block-themeisle-blocks-advanced-column-90174d66\" style=\"border-width:0px;border-style:solid;border-color:#000000;border-radius:0px\">\n<p><b>Dirigit a: <\/b>de 1er a 6\u00e8<\/p>\n<p><b>Responsable: <\/b>Diver\u2019s<\/p>\n<p><b>Descripci\u00f3 de l\u2019activitat: <\/b><br>\n<b>PRESENTACI\u00d3<\/b><br>\nLa gimn\u00e0stica r\u00edtmica \u00e9s un esport dotat d\u2019una gran bellesa degut a l\u2019harmonia dels moviments corporals i t\u00e8cnics amb la m\u00fasica de l\u2019exercici.<br><br>\n<b>METODOLOGIA<\/b><br>\nLa metodologia de l\u2019activitat \u00e9s pr\u00e0ctica, la sessi\u00f3 tindr\u00e0 la seg\u00fcent estructura:<br>\n<ol> \n<li>Escalfament espec\u00edfic per gimn\u00e0stica r\u00edtmica.<\/li>\n<li>Exercicis i jocs de preparaci\u00f3 f\u00edsica.<\/li>\n<li>Exercicis de gimn\u00e0stica r\u00edtmica.<\/li>\n<li>Coreografies.<\/li>\n<li>Tornada a la calma, relaxaci\u00f3.<\/li>\n<\/ol>\n<b>OBJECTIUS<\/b><br>\n<ul>\n<li>Con\u00e8ixer i valorar el propi cos i l\u2019activitat f\u00edsica com a mitj\u00e0 d\u2019exploraci\u00f3 i possibilitats motrius.<\/li>\n<li>Participar en l\u2019activitat compartint projectes, establint relacions de cooperaci\u00f3 per aconseguir objectius comuns.<\/li> \n<li>Utilitzar els recursos expressius del cos i el moviment de forma est\u00e8tica i creativa.<\/li>\n<li>Con\u00e8ixer moviments de dansa adaptada a la gimn\u00e0stica r\u00edtmica.<\/li> \n<li>Treballar la flexibilitat, ritme, expressi\u00f3, velocitat, for\u00e7a, coordinaci\u00f3 corporal i sincronitzaci\u00f3 amb el grup.<\/li> \n<li>Desenvolupar les diverses acrob\u00e0cies: pins, ponts, inversions, pir\u00e0mides, acrob\u00e0cies esportives\u2026 <\/li>\n<li>Aprendre i practicar salts i equilibris b\u00e0sics. <\/li>\n<li>Aprendre i practicar girs i posicions.<\/li>\n<li>Desenvolupar i perfeccionar la t\u00e8cnica corporal i la utilitzaci\u00f3 d\u2019aparells (cercle, pilota, corda, cinta i maces).<\/li>\n<\/ul>\n<b>CONTINGUTS I ACTIVITATS<\/b><br>\n<ul>\n<li>Jocs de ritme i expressi\u00f3.<\/li>\n<li>Moviments b\u00e0sics, progressions i dificultats.<\/li>\n<li>Exercicis i coreografies en mans lliures.<\/li>\n<li>Tombarelles endavant i enrere.<\/li>\n<li>Exercicis d\u2019equilibri en diferents superf\u00edcies i al\u00e7ades. Cosac i horitzontal de peu.<\/li> \n<li>Flexi\u00f3 enrere de peu i genoll.<\/li>\n<li>Espagatz posterior i frontal. Lumbar.<\/li> \n<li>Salts: corza, cabriola, doble pas, salt vertical girant, doble pas corza en cercle cosac.<\/li> \n<li>Girs: pase\u00e9 horitzontal de genolls, pase\u00e9 360\u00ba, pase\u00e9 360\u00ba i cosac, pase\u00e9 720\u00ba cosac.<\/li> \n<li>Acrob\u00e0cies i equilibris: clau, planxa, passada de terra, roda lateral, planxa facial, attitude, pi-pont des dels colzes.<\/li>\n<li>Treball amb aparells: pilota (bots, rodament de terra, rodament cames-tronc-esquena-bra\u00e7os, llan\u00e7aments), cercle (rotacions, circunduccions, balanceig), corda, cintes i maces (exercicis d\u2019iniciaci\u00f3).<\/li>\n<li>Coreografies grupals.<\/li>\n<\/ul><\/p>\n<p><b>Material \/ vestuari: <\/b>Els infants han de venir de casa amb roba c\u00f2moda i el\u00e0stica (per exemple pantal\u00f3 el\u00e0stic i samarreta) i sabatilles de mitja punta.<\/p>\n<p><b>Lloc de realitzaci\u00f3 i recollida: <\/b>L\u2019activitat es realitza al recinte escolar. La recollida es far\u00e0 a les 17:15h al porxo.<\/p><\/div>\n<\/div><\/div>\n","protected":false},"excerpt":{"rendered":"<p>Dirigit a: de 1er a 6\u00e8 Responsable: Diver\u2019s Descripci\u00f3 de l\u2019activitat: PRESENTACI\u00d3 La gimn\u00e0stica r\u00edtmica \u00e9s un esport dotat d\u2019una gran bellesa degut a l\u2019harmonia dels moviments corporals i t\u00e8cnics amb la m\u00fasica de l\u2019exercici. METODOLOGIA La metodologia de l\u2019activitat \u00e9s pr\u00e0ctica, la sessi\u00f3 tindr\u00e0 la seg\u00fcent estructura: Escalfament espec\u00edfic [&hellip;]<\/p>\n","protected":false},"author":1,"featured_media":0,"parent":0,"menu_order":0,"comment_status":"closed","ping_status":"closed","template":"","meta":{"footnotes":""},"class_list":["post-2318","page","type-page","status-publish","hentry"],"post_mailing_queue_ids":[],"_links":{"self":[{"href":"https:\/\/www.afaescolabarcelona.cat\/index.php\/wp-json\/wp\/v2\/pages\/2318","targetHints":{"allow":["GET"]}}],"collection":[{"href":"https:\/\/www.afaescolabarcelona.cat\/index.php\/wp-json\/wp\/v2\/pages"}],"about":[{"href":"https:\/\/www.afaescolabarcelona.cat\/index.php\/wp-json\/wp\/v2\/types\/page"}],"author":[{"embeddable":true,"href":"https:\/\/www.afaescolabarcelona.cat\/index.php\/wp-json\/wp\/v2\/users\/1"}],"replies":[{"embeddable":true,"href":"https:\/\/www.afaescolabarcelona.cat\/index.php\/wp-json\/wp\/v2\/comments?post=2318"}],"version-history":[{"count":4,"href":"https:\/\/www.afaescolabarcelona.cat\/index.php\/wp-json\/wp\/v2\/pages\/2318\/revisions"}],"predecessor-version":[{"id":2387,"href":"https:\/\/www.afaescolabarcelona.cat\/index.php\/wp-json\/wp\/v2\/pages\/2318\/revisions\/2387"}],"wp:attachment":[{"href":"https:\/\/www.afaescolabarcelona.cat\/index.php\/wp-json\/wp\/v2\/media?parent=2318"}],"curies":[{"name":"wp","href":"https:\/\/api.w.org\/{rel}","templated":true}]}}

Rítmica

<div class="wp-block-themeisle-blocks-advanced-columns has-1-columns has-desktop-equal-layout has-tablet-equal-layout has-mobile-equal-layout has-default-gap has-vertical-unset" id="wp-block-themeisle-blocks-advanced-columns-dcbb3450" style="border-width:0px;border-style:solid;border-color:#000000;border-radius:0px;justify-content:unset"><div class="wp-themeisle-block-overlay" style="opacity:0.5;mix-blend-mode:normal"></div><div class="innerblocks-wrap">
<div class="wp-block-themeisle-blocks-advanced-column" id="wp-block-themeisle-blocks-advanced-column-90174d66" style="border-width:0px;border-style:solid;border-color:#000000;border-radius:0px">
<p><b>Dirigit a: </b>de 1er a 6è</p>
<p><b>Responsable: </b>Diver’s</p>
<p><b>Descripció de l’activitat: </b><br>
<b>PRESENTACIÓ</b><br>
La gimnàstica rítmica és un esport dotat d’una gran bellesa degut a l’harmonia dels moviments corporals i tècnics amb la música de l’exercici.<br><br>
<b>METODOLOGIA</b><br>
La metodologia de l’activitat és pràctica, la sessió tindrà la següent estructura:<br>
<ol> 
<li>Escalfament específic per gimnàstica rítmica.</li>
<li>Exercicis i jocs de preparació física.</li>
<li>Exercicis de gimnàstica rítmica.</li>
<li>Coreografies.</li>
<li>Tornada a la calma, relaxació.</li>
</ol>
<b>OBJECTIUS</b><br>
<ul>
<li>Conèixer i valorar el propi cos i l’activitat física com a mitjà d’exploració i possibilitats motrius.</li>
<li>Participar en l’activitat compartint projectes, establint relacions de cooperació per aconseguir objectius comuns.</li> 
<li>Utilitzar els recursos expressius del cos i el moviment de forma estètica i creativa.</li>
<li>Conèixer moviments de dansa adaptada a la gimnàstica rítmica.</li> 
<li>Treballar la flexibilitat, ritme, expressió, velocitat, força, coordinació corporal i sincronització amb el grup.</li> 
<li>Desenvolupar les diverses acrobàcies: pins, ponts, inversions, piràmides, acrobàcies esportives… </li>
<li>Aprendre i practicar salts i equilibris bàsics. </li>
<li>Aprendre i practicar girs i posicions.</li>
<li>Desenvolupar i perfeccionar la tècnica corporal i la utilització d’aparells (cercle, pilota, corda, cinta i maces).</li>
</ul>
<b>CONTINGUTS I ACTIVITATS</b><br>
<ul>
<li>Jocs de ritme i expressió.</li>
<li>Moviments bàsics, progressions i dificultats.</li>
<li>Exercicis i coreografies en mans lliures.</li>
<li>Tombarelles endavant i enrere.</li>
<li>Exercicis d’equilibri en diferents superfícies i alçades. Cosac i horitzontal de peu.</li> 
<li>Flexió enrere de peu i genoll.</li>
<li>Espagatz posterior i frontal. Lumbar.</li> 
<li>Salts: corza, cabriola, doble pas, salt vertical girant, doble pas corza en cercle cosac.</li> 
<li>Girs: paseé horitzontal de genolls, paseé 360º, paseé 360º i cosac, paseé 720º cosac.</li> 
<li>Acrobàcies i equilibris: clau, planxa, passada de terra, roda lateral, planxa facial, attitude, pi-pont des dels colzes.</li>
<li>Treball amb aparells: pilota (bots, rodament de terra, rodament cames-tronc-esquena-braços, llançaments), cercle (rotacions, circunduccions, balanceig), corda, cintes i maces (exercicis d’iniciació).</li>
<li>Coreografies grupals.</li>
</ul></p>
<p><b>Material / vestuari: </b>Els infants han de venir de casa amb roba còmoda i elàstica (per exemple pantaló elàstic i samarreta) i sabatilles de mitja punta.</p>
<p><b>Lloc de realització i recollida: </b>L’activitat es realitza al recinte escolar. La recollida es farà a les 17:15h al porxo.</p></div>
</div></div>

<p>Dirigit a: de 1er a 6è Responsable: Diver’s Descripció de l’activitat: PRESENTACIÓ La gimnàstica rítmica és un esport dotat d’una gran bellesa degut a l’harmonia dels moviments corporals i tècnics amb la música de l’exercici. METODOLOGIA La metodologia de l’activitat és pràctica, la sessió tindrà la següent estructura: Escalfament específic [&hellip;]</p>
