{"id":237,"date":"2020-01-23T23:18:02","date_gmt":"2020-01-23T22:18:02","guid":{"rendered":"http:\/\/afaescolabarcelona.cat\/?page_id=237"},"modified":"2020-11-06T00:29:31","modified_gmt":"2020-11-05T23:29:31","slug":"ampa","status":"publish","type":"page","link":"https:\/\/www.afaescolabarcelona.cat\/index.php\/ampa\/","title":{"rendered":"L&#8217;AFA"},"content":{"rendered":"\n<section class=\"wp-block-themeisle-blocks-advanced-columns alignfull has-1-columns has-desktop-equal-layout has-tablet-equal-layout has-mobile-equal-layout has-nogap-gap has-vertical-flex-start\" id=\"wp-block-themeisle-blocks-advanced-columns-cf464273\"><div class=\"wp-block-themeisle-blocks-advanced-columns-overlay\"><\/div><div class=\"innerblocks-wrap\">\n<div class=\"wp-block-themeisle-blocks-advanced-column\" id=\"wp-block-themeisle-blocks-advanced-column-091be23e\">\n<section class=\"wp-block-themeisle-blocks-advanced-columns alignfull has-1-columns has-desktop-equal-layout has-tablet-equal-layout has-mobile-equal-layout has-nogap-gap has-vertical-center\" id=\"wp-block-themeisle-blocks-advanced-columns-7fed9644\"><div class=\"wp-block-themeisle-blocks-advanced-columns-overlay\"><\/div><div class=\"innerblocks-wrap\">\n<div class=\"wp-block-themeisle-blocks-advanced-column\" id=\"wp-block-themeisle-blocks-advanced-column-77b97cc2\">\n<h1 class=\"has-text-align-center has-white-color has-text-color wp-block-heading\">Coneix l&#8217;AFA Escola Barcelona<\/h1>\n\n\n\n<p class=\"has-text-align-center has-white-color has-text-color\">En aquesta secci\u00f3 t&#8217;explicarem qu\u00e8 fem, pre qu\u00e8 ho fem i qui som! <\/p>\n\n\n\n<p><\/p>\n\n\n\n<p><\/p>\n<\/div>\n<\/div><\/section>\n\n\n\n<section class=\"wp-block-themeisle-blocks-advanced-columns has-3-columns has-desktop-equal-layout has-tablet-equal-layout has-mobile-collapsedRows-layout has-wide-gap has-vertical-flex-start\" id=\"wp-block-themeisle-blocks-advanced-columns-683da29a\"><div class=\"wp-block-themeisle-blocks-advanced-columns-overlay\"><\/div><div class=\"innerblocks-wrap\">\n<div class=\"wp-block-themeisle-blocks-advanced-column\" id=\"wp-block-themeisle-blocks-advanced-column-a81de827\">\n<h3 class=\"has-text-align-center has-text-color wp-block-heading\" style=\"color:#ea8424\">Presentaci\u00f3<\/h3>\n\n\n\n<p class=\"has-text-align-center\">Vols saber qu\u00e8 es l&#8217;AFA i que hi fem? no deixis de visitar la p\u00e0gina de <a href=\"https:\/\/www.afaescolabarcelona.cat\/index.php\/presentacio\/\" data-type=\"page\" data-id=\"194\">Presentaci\u00f3<\/a><\/p>\n<\/div>\n\n\n\n<div class=\"wp-block-themeisle-blocks-advanced-column\" id=\"wp-block-themeisle-blocks-advanced-column-787fa0e1\">\n<h3 class=\"has-text-align-center has-text-color wp-block-heading\" style=\"color:#ea8424\">Drets i Deures<\/h3>\n\n\n\n<p class=\"has-text-align-center\">Si vols saber el que aporta l&#8217;AFA a les fam\u00edlies consulta la secci\u00f3 de <a href=\"https:\/\/www.afaescolabarcelona.cat\/index.php\/drets-i-deures\/\" data-type=\"page\" data-id=\"435\">Dreis i Deures<\/a>.<\/p>\n<\/div>\n\n\n\n<div class=\"wp-block-themeisle-blocks-advanced-column\" id=\"wp-block-themeisle-blocks-advanced-column-54f4b40e\">\n<h3 class=\"has-text-align-center has-text-color wp-block-heading\" style=\"color:#ea8424\">Organigrama<\/h3>\n\n\n\n<p class=\"has-text-align-center\">Si vols saber qui som i com ens organitzem per fer la feina consulta l&#8217;<a href=\"https:\/\/www.afaescolabarcelona.cat\/index.php\/junta-directiva\/\" data-type=\"page\" data-id=\"183\">organigrama<\/a>.<\/p>\n<\/div>\n<\/div><\/section>\n<\/div>\n<\/div><\/section>\n","protected":false},"excerpt":{"rendered":"","protected":false},"author":1,"featured_media":0,"parent":0,"menu_order":0,"comment_status":"closed","ping_status":"closed","template":"","meta":{"footnotes":""},"class_list":["post-237","page","type-page","status-publish","hentry"],"post_mailing_queue_ids":[],"_links":{"self":[{"href":"https:\/\/www.afaescolabarcelona.cat\/index.php\/wp-json\/wp\/v2\/pages\/237","targetHints":{"allow":["GET"]}}],"collection":[{"href":"https:\/\/www.afaescolabarcelona.cat\/index.php\/wp-json\/wp\/v2\/pages"}],"about":[{"href":"https:\/\/www.afaescolabarcelona.cat\/index.php\/wp-json\/wp\/v2\/types\/page"}],"author":[{"embeddable":true,"href":"https:\/\/www.afaescolabarcelona.cat\/index.php\/wp-json\/wp\/v2\/users\/1"}],"replies":[{"embeddable":true,"href":"https:\/\/www.afaescolabarcelona.cat\/index.php\/wp-json\/wp\/v2\/comments?post=237"}],"version-history":[{"count":9,"href":"https:\/\/www.afaescolabarcelona.cat\/index.php\/wp-json\/wp\/v2\/pages\/237\/revisions"}],"predecessor-version":[{"id":1467,"href":"https:\/\/www.afaescolabarcelona.cat\/index.php\/wp-json\/wp\/v2\/pages\/237\/revisions\/1467"}],"wp:attachment":[{"href":"https:\/\/www.afaescolabarcelona.cat\/index.php\/wp-json\/wp\/v2\/media?parent=237"}],"curies":[{"name":"wp","href":"https:\/\/api.w.org\/{rel}","templated":true}]}}