{"id":2778,"date":"2025-05-08T17:56:11","date_gmt":"2025-05-08T16:56:11","guid":{"rendered":"https:\/\/www.afaescolabarcelona.cat\/?page_id=2778"},"modified":"2026-04-08T12:38:32","modified_gmt":"2026-04-08T11:38:32","slug":"tastets-de-menjador","status":"publish","type":"page","link":"https:\/\/www.afaescolabarcelona.cat\/index.php\/tastets-de-menjador\/","title":{"rendered":"Tastets de menjador"},"content":{"rendered":"\n<p><strong>Voleu tastar el menjar de l\u2019escola?<\/strong><\/p>\n\n\n\n<p>El Tastet \u00e9s una oportunitat oberta a les fam\u00edlies per con\u00e8ixer de primera m\u00e0 qu\u00e8 i com mengen els infants. Aquesta experi\u00e8ncia us permetr\u00e0 entendre millor el dia a dia dels vostres fills i filles al menjador escolar.<\/p>\n\n\n\n<p>Hem organitzat diverses dates perqu\u00e8 pugueu participar en els tastets. La inscripci\u00f3 es realitza mitjan\u00e7ant el formulari que trobareu a continuaci\u00f3. Un cop enviada la sol\u00b7licitud, us confirmarem la reserva. Si us plau, seleccioneu la data que us convingui m\u00e9s. Les places s\u2019assignen per estricte ordre de sol\u00b7licitud.<\/p>\n\n\n\n<p>La vostra opini\u00f3 \u00e9s molt valuosa. Per aix\u00f2, despr\u00e9s de la visita rebreu un breu formulari per compartir els vostres comentaris i suggeriments.<\/p>\n\n\n\n<p>Si cap de les dates us va b\u00e9, no patiu: al llarg del curs anirem publicant noves oportunitats per participar-hi!<\/p>\n\n\n\n<p>Per garantir una bona organitzaci\u00f3, cada torn del tastet es limita a <strong>5 fam\u00edlies<\/strong>, amb un \u00fanic representant per fam\u00edlia.<\/p>\n\n\n\n<ul class=\"wp-block-list\">\n<li>Per als tastets de <strong>divendres<\/strong>, la inscripci\u00f3 es tancar\u00e0 el <strong>dimarts anterior a les 14:00 h<\/strong>.<\/li>\n\n\n\n<li>Per als tastets de <strong>dimarts<\/strong>, la inscripci\u00f3 es tancar\u00e0 el <strong>divendres anterior a les 14:00 h<\/strong>.<\/li>\n<\/ul>\n\n\n\n<p>L\u2019acc\u00e9s ser\u00e0 per consergeria, i caldr\u00e0 ser a l\u2019escola a les <strong>12:45 h<\/strong>. El dinar tindr\u00e0 lloc de <strong>12:50 h a 13:20 h<\/strong>.<\/p>\n\n\n\n<p>En arribar al menjador, us haureu d\u2019adre\u00e7ar a la persona responsable, que us indicar\u00e0 on seure i us facilitar\u00e0 les instruccions necess\u00e0ries.<\/p>\n\n\n\n<h3 class=\"wp-block-heading\"><strong>Normes del tastet<\/strong><\/h3>\n\n\n\n<ul class=\"wp-block-list\">\n<li>Respecteu els horaris establerts.<\/li>\n\n\n\n<li>La visita \u00e9s exclusivament per tastar el menjar; <strong>no es podr\u00e0 accedir al pati ni a altres espais del menjador<\/strong>.<\/li>\n\n\n\n<li>Intenteu no pertorbar el desenvolupament del servei ni l\u2019activitat dels infants.<\/li>\n\n\n\n<li><strong>No es poden fer fotografies ni enregistraments.<\/strong><\/li>\n\n\n\n<li>Seguiu en tot moment les indicacions del personal.<\/li>\n<\/ul>\n\n\n\n<p><\/p>\n\n\n\n<p><\/p>\n","protected":false},"excerpt":{"rendered":"<p>Voleu tastar el menjar de l\u2019escola? El Tastet \u00e9s una oportunitat oberta a les fam\u00edlies per con\u00e8ixer de primera m\u00e0 qu\u00e8 i com mengen els infants. Aquesta experi\u00e8ncia us permetr\u00e0 entendre millor el dia a dia dels vostres fills i filles al menjador escolar. Hem organitzat diverses dates perqu\u00e8 pugueu [&hellip;]<\/p>\n","protected":false},"author":1,"featured_media":0,"parent":0,"menu_order":0,"comment_status":"closed","ping_status":"closed","template":"","meta":{"footnotes":""},"class_list":["post-2778","page","type-page","status-publish","hentry"],"post_mailing_queue_ids":[],"_links":{"self":[{"href":"https:\/\/www.afaescolabarcelona.cat\/index.php\/wp-json\/wp\/v2\/pages\/2778","targetHints":{"allow":["GET"]}}],"collection":[{"href":"https:\/\/www.afaescolabarcelona.cat\/index.php\/wp-json\/wp\/v2\/pages"}],"about":[{"href":"https:\/\/www.afaescolabarcelona.cat\/index.php\/wp-json\/wp\/v2\/types\/page"}],"author":[{"embeddable":true,"href":"https:\/\/www.afaescolabarcelona.cat\/index.php\/wp-json\/wp\/v2\/users\/1"}],"replies":[{"embeddable":true,"href":"https:\/\/www.afaescolabarcelona.cat\/index.php\/wp-json\/wp\/v2\/comments?post=2778"}],"version-history":[{"count":10,"href":"https:\/\/www.afaescolabarcelona.cat\/index.php\/wp-json\/wp\/v2\/pages\/2778\/revisions"}],"predecessor-version":[{"id":3067,"href":"https:\/\/www.afaescolabarcelona.cat\/index.php\/wp-json\/wp\/v2\/pages\/2778\/revisions\/3067"}],"wp:attachment":[{"href":"https:\/\/www.afaescolabarcelona.cat\/index.php\/wp-json\/wp\/v2\/media?parent=2778"}],"curies":[{"name":"wp","href":"https:\/\/api.w.org\/{rel}","templated":true}]}}

<p><strong>Voleu tastar el menjar de l’escola?</strong></p>



<p>El Tastet és una oportunitat oberta a les famílies per conèixer de primera mà què i com mengen els infants. Aquesta experiència us permetrà entendre millor el dia a dia dels vostres fills i filles al menjador escolar.</p>



<p>Hem organitzat diverses dates perquè pugueu participar en els tastets. La inscripció es realitza mitjançant el formulari que trobareu a continuació. Un cop enviada la sol·licitud, us confirmarem la reserva. Si us plau, seleccioneu la data que us convingui més. Les places s’assignen per estricte ordre de sol·licitud.</p>



<p>La vostra opinió és molt valuosa. Per això, després de la visita rebreu un breu formulari per compartir els vostres comentaris i suggeriments.</p>



<p>Si cap de les dates us va bé, no patiu: al llarg del curs anirem publicant noves oportunitats per participar-hi!</p>



<p>Per garantir una bona organització, cada torn del tastet es limita a <strong>5 famílies</strong>, amb un únic representant per família.</p>



<ul class="wp-block-list">
<li>Per als tastets de <strong>divendres</strong>, la inscripció es tancarà el <strong>dimarts anterior a les 14:00 h</strong>.</li>



<li>Per als tastets de <strong>dimarts</strong>, la inscripció es tancarà el <strong>divendres anterior a les 14:00 h</strong>.</li>
</ul>



<p>L’accés serà per consergeria, i caldrà ser a l’escola a les <strong>12:45 h</strong>. El dinar tindrà lloc de <strong>12:50 h a 13:20 h</strong>.</p>



<p>En arribar al menjador, us haureu d’adreçar a la persona responsable, que us indicarà on seure i us facilitarà les instruccions necessàries.</p>



<h3 class="wp-block-heading"><strong>Normes del tastet</strong></h3>



<ul class="wp-block-list">
<li>Respecteu els horaris establerts.</li>



<li>La visita és exclusivament per tastar el menjar; <strong>no es podrà accedir al pati ni a altres espais del menjador</strong>.</li>



<li>Intenteu no pertorbar el desenvolupament del servei ni l’activitat dels infants.</li>



<li><strong>No es poden fer fotografies ni enregistraments.</strong></li>



<li>Seguiu en tot moment les indicacions del personal.</li>
</ul>



<p></p>



<p></p>

<p>Voleu tastar el menjar de l’escola? El Tastet és una oportunitat oberta a les famílies per conèixer de primera mà què i com mengen els infants. Aquesta experiència us permetrà entendre millor el dia a dia dels vostres fills i filles al menjador escolar. Hem organitzat diverses dates perquè pugueu [&hellip;]</p>
