{"id":307,"date":"2020-01-24T23:52:26","date_gmt":"2020-01-24T22:52:26","guid":{"rendered":"http:\/\/afaescolabarcelona.cat\/?page_id=307"},"modified":"2023-04-21T14:57:28","modified_gmt":"2023-04-21T13:57:28","slug":"mainadera","status":"publish","type":"page","link":"https:\/\/www.afaescolabarcelona.cat\/index.php\/mainadera\/","title":{"rendered":"Mainadera"},"content":{"rendered":"\n<div class=\"wp-block-themeisle-blocks-advanced-columns has-1-columns has-desktop-equal-layout has-tablet-equal-layout has-mobile-equal-layout has-default-gap has-vertical-unset\" id=\"wp-block-themeisle-blocks-advanced-columns-dcbb3450\" style=\"border-width:0px;border-style:solid;border-color:#000000;border-radius:0px;justify-content:unset\"><div class=\"wp-themeisle-block-overlay\" style=\"opacity:0.5;mix-blend-mode:normal\"><\/div><div class=\"innerblocks-wrap\">\n<div class=\"wp-block-themeisle-blocks-advanced-column\" id=\"wp-block-themeisle-blocks-advanced-column-90174d66\" style=\"border-width:0px;border-style:solid;border-color:#000000;border-radius:0px\">\n<p style=\"background-color:#efc87c\"><strong>Acollida matinal de 7:30 a 9:00<\/strong><\/p>\n<p><b>Dirigit a: <\/b>I3 a 6\u00e8<\/p>\n<p><b>Responsable: <\/b>Diver&#8217;s.<\/p>\n<p><b>Descripci\u00f3 de l\u2019activitat: <\/b>L\u2019espai d&#8217;acollida matinal est\u00e0 pensat per ajudar les fam\u00edlies en la conciliaci\u00f3 personal i professional. Els nens i nenes podran gaudir d&#8217;un temps d&#8217;oci i socialitzaci\u00f3 abans d&#8217;iniciar la seva jornada escolar.<\/p>\n<p><b>Material \/ vestuari: <\/b>En aquesta activitat no es requereix cap mena de material ni vestuari concret.<\/p>\n<p><b>Lloc de realitzaci\u00f3 i recollida: <\/b>L\u2019activitat es realitza al menjador de l\u2019escola.<\/p><\/div>\n<\/div><\/div>\n","protected":false},"excerpt":{"rendered":"<p>Acollida matinal de 7:30 a 9:00 Dirigit a: I3 a 6\u00e8 Responsable: Diver&#8217;s. Descripci\u00f3 de l\u2019activitat: L\u2019espai d&#8217;acollida matinal est\u00e0 pensat per ajudar les fam\u00edlies en la conciliaci\u00f3 personal i professional. Els nens i nenes podran gaudir d&#8217;un temps d&#8217;oci i socialitzaci\u00f3 abans d&#8217;iniciar la seva jornada escolar. Material \/ [&hellip;]<\/p>\n","protected":false},"author":1,"featured_media":0,"parent":0,"menu_order":0,"comment_status":"closed","ping_status":"closed","template":"","meta":{"footnotes":""},"class_list":["post-307","page","type-page","status-publish","hentry"],"post_mailing_queue_ids":[],"_links":{"self":[{"href":"https:\/\/www.afaescolabarcelona.cat\/index.php\/wp-json\/wp\/v2\/pages\/307","targetHints":{"allow":["GET"]}}],"collection":[{"href":"https:\/\/www.afaescolabarcelona.cat\/index.php\/wp-json\/wp\/v2\/pages"}],"about":[{"href":"https:\/\/www.afaescolabarcelona.cat\/index.php\/wp-json\/wp\/v2\/types\/page"}],"author":[{"embeddable":true,"href":"https:\/\/www.afaescolabarcelona.cat\/index.php\/wp-json\/wp\/v2\/users\/1"}],"replies":[{"embeddable":true,"href":"https:\/\/www.afaescolabarcelona.cat\/index.php\/wp-json\/wp\/v2\/comments?post=307"}],"version-history":[{"count":3,"href":"https:\/\/www.afaescolabarcelona.cat\/index.php\/wp-json\/wp\/v2\/pages\/307\/revisions"}],"predecessor-version":[{"id":2294,"href":"https:\/\/www.afaescolabarcelona.cat\/index.php\/wp-json\/wp\/v2\/pages\/307\/revisions\/2294"}],"wp:attachment":[{"href":"https:\/\/www.afaescolabarcelona.cat\/index.php\/wp-json\/wp\/v2\/media?parent=307"}],"curies":[{"name":"wp","href":"https:\/\/api.w.org\/{rel}","templated":true}]}}

<div class="wp-block-themeisle-blocks-advanced-columns has-1-columns has-desktop-equal-layout has-tablet-equal-layout has-mobile-equal-layout has-default-gap has-vertical-unset" id="wp-block-themeisle-blocks-advanced-columns-dcbb3450" style="border-width:0px;border-style:solid;border-color:#000000;border-radius:0px;justify-content:unset"><div class="wp-themeisle-block-overlay" style="opacity:0.5;mix-blend-mode:normal"></div><div class="innerblocks-wrap">
<div class="wp-block-themeisle-blocks-advanced-column" id="wp-block-themeisle-blocks-advanced-column-90174d66" style="border-width:0px;border-style:solid;border-color:#000000;border-radius:0px">
<p style="background-color:#efc87c"><strong>Acollida matinal de 7:30 a 9:00</strong></p>
<p><b>Dirigit a: </b>I3 a 6è</p>
<p><b>Responsable: </b>Diver&#8217;s.</p>
<p><b>Descripció de l’activitat: </b>L’espai d&#8217;acollida matinal està pensat per ajudar les famílies en la conciliació personal i professional. Els nens i nenes podran gaudir d&#8217;un temps d&#8217;oci i socialització abans d&#8217;iniciar la seva jornada escolar.</p>
<p><b>Material / vestuari: </b>En aquesta activitat no es requereix cap mena de material ni vestuari concret.</p>
<p><b>Lloc de realització i recollida: </b>L’activitat es realitza al menjador de l’escola.</p></div>
</div></div>

<p>Acollida matinal de 7:30 a 9:00 Dirigit a: I3 a 6è Responsable: Diver&#8217;s. Descripció de l’activitat: L’espai d&#8217;acollida matinal està pensat per ajudar les famílies en la conciliació personal i professional. Els nens i nenes podran gaudir d&#8217;un temps d&#8217;oci i socialització abans d&#8217;iniciar la seva jornada escolar. Material / [&hellip;]</p>
