{"id":313,"date":"2020-01-24T23:55:31","date_gmt":"2020-01-24T22:55:31","guid":{"rendered":"http:\/\/afaescolabarcelona.cat\/?page_id=313"},"modified":"2023-05-29T21:37:51","modified_gmt":"2023-05-29T20:37:51","slug":"judo","status":"publish","type":"page","link":"https:\/\/www.afaescolabarcelona.cat\/index.php\/judo\/","title":{"rendered":"Judo i Arts Marcials"},"content":{"rendered":"\n<div class=\"wp-block-themeisle-blocks-advanced-columns has-1-columns has-desktop-equal-layout has-tablet-equal-layout has-mobile-equal-layout has-default-gap has-vertical-unset\" id=\"wp-block-themeisle-blocks-advanced-columns-dcbb3450\" style=\"border-width:0px;border-style:solid;border-color:#000000;border-radius:0px;justify-content:unset\"><div class=\"wp-themeisle-block-overlay\" style=\"opacity:0.5;mix-blend-mode:normal\"><\/div><div class=\"innerblocks-wrap\">\n<div class=\"wp-block-themeisle-blocks-advanced-column\" id=\"wp-block-themeisle-blocks-advanced-column-90174d66\" style=\"border-width:0px;border-style:solid;border-color:#000000;border-radius:0px\">\n<p><b>Dirigit a: <\/b>de 1r a 6\u00e8<\/p>\n<p><b>Responsable: <\/b>Diver\u2019s<\/p>\n<p><b>Descripci\u00f3 de l\u2019activitat: <\/b><br>\n<b>PRESENTACI\u00d3<\/b><br>\nEn contra del que generalment es pensa donat el seu car\u00e0cter de lluita, no \u00e9s un esport violent, sin\u00f3 tot el contrari, ja que la for\u00e7a f\u00edsica no \u00e9s el valor fonamental sin\u00f3 un medi d\u2019autodefensa. Des de l\u2019inici constitueix un excel\u00b7lent agent socialitzador per diferenciar el combat esportiu de l\u2019acte violent. S\u2019emmarca en un ambient saludable d\u2019amistat, companyerisme i respecte.<br><br> \nLa pr\u00e0ctica del Judo est\u00e0 oberta a qualsevol infant, sigui quin sigui el seu estat f\u00edsic.<br><br> \n\u00c9s molt recomanable per treballar l\u2019agressivitat, l\u2019hiperactivitat, l\u2019autoconfian\u00e7a&#8230; aix\u00ed com per canalitzar les energies.<br><br>\n<b>METODOLOGIA<\/b><br>\nLa metodologia de l\u2019activitat \u00e9s pr\u00e0ctica, la sessi\u00f3 tindr\u00e0 la seg\u00fcent estructura:<br> \n<ol>\n<li>Ens posem el judoki i el cintur\u00f3.<\/li> \n<li>Salutacions.<\/li> \n<li>Escalfament.<\/li> \n<li>Jocs, exercicis i entrenament.<\/li> \n<li>Relaxaci\u00f3 i acomiadament.<\/li>\n<\/ol>\n<b>OBJECTIUS<\/b><br>\n<ul>\n<li>Descobrir, acceptar i utilitzar el propi cos.<\/li> \n<li>Actuar amb autonomia.<\/li> \n<li>Adquirir autoconfian\u00e7a.<\/li> \n<li>Gaudir i expressar-se a trav\u00e9s del moviment.<\/li> \n<li>Incorporar nous esquemes motrius (despla\u00e7aments, caigudes\u2026).<\/li> \n<li>Con\u00e8ixer i respectar les regles del judo.<\/li> \n<li>Con\u00e8ixer i aplicar t\u00e8cniques senzilles de judo.<\/li>\n<\/ul>\n<b>CONTINGUTS I ACTIVITATS<\/b><br>\n<ul>\n<li>Normativa, filosofia i disciplina del judo.<\/li> \n<li>Nomenclatures i protocols d\u2019inici i final de judo. Salutacions i forma de lligar-se el cintur\u00f3.<\/li>\n<li>Apropament al contacte mitjan\u00e7ant la fixaci\u00f3 d\u2019agafades i aprenent l\u2019agafada fonamental del judo.<\/li> \n<li>Atac i defensa.<\/li> \n<li>Treball de les qualitats f\u00edsiques: resist\u00e8ncia, for\u00e7a, flexibilitat, velocitat&#8230;<\/li> \n<li>Caigudes.<\/li> \n<li>Exercicis individuals i en parella.<\/li> \n<li>Habilitats motrius: quadrup\u00e8dies b\u00e0siques, tombarelles endavant\/endarrere, pont, vertical, paloma + salt de potro, roda + paloma.<\/li> \n<li>Judo dret, judo terra i immobilitzacions.<\/li> \n<li>Judo peu i t\u00e8cniques de cames.<\/li> \n<li>Combinacions motores: c\u00f3rrer, girar a l\u2019aire, roda i encadenament dret terra.<\/li> \n<li>Encadenaments, immobilitzacions i sortides.<\/li> \n<li>Iniciaci\u00f3 al combat a terra.<\/li> \n<li>Iniciaci\u00f3 al combat dret.<\/li>\n<\/ul>\n<\/p>\n<p><b>Material \/ vestuari: <\/b>Els infants han de portar kimono de judo. Es poden canviar abans de fer l\u2019activitat.<\/p>\n<p><b>Lloc de realitzaci\u00f3 i recollida: <\/b>L\u2019activitat es realitza al recinte escolar. La recollida es far\u00e0 a les 17:15h al porxo.<\/p><\/div>\n<\/div><\/div>\n","protected":false},"excerpt":{"rendered":"<p>Dirigit a: de 1r a 6\u00e8 Responsable: Diver\u2019s Descripci\u00f3 de l\u2019activitat: PRESENTACI\u00d3 En contra del que generalment es pensa donat el seu car\u00e0cter de lluita, no \u00e9s un esport violent, sin\u00f3 tot el contrari, ja que la for\u00e7a f\u00edsica no \u00e9s el valor fonamental sin\u00f3 un medi d\u2019autodefensa. Des de [&hellip;]<\/p>\n","protected":false},"author":1,"featured_media":0,"parent":0,"menu_order":0,"comment_status":"closed","ping_status":"closed","template":"","meta":{"footnotes":""},"class_list":["post-313","page","type-page","status-publish","hentry"],"post_mailing_queue_ids":[],"_links":{"self":[{"href":"https:\/\/www.afaescolabarcelona.cat\/index.php\/wp-json\/wp\/v2\/pages\/313","targetHints":{"allow":["GET"]}}],"collection":[{"href":"https:\/\/www.afaescolabarcelona.cat\/index.php\/wp-json\/wp\/v2\/pages"}],"about":[{"href":"https:\/\/www.afaescolabarcelona.cat\/index.php\/wp-json\/wp\/v2\/types\/page"}],"author":[{"embeddable":true,"href":"https:\/\/www.afaescolabarcelona.cat\/index.php\/wp-json\/wp\/v2\/users\/1"}],"replies":[{"embeddable":true,"href":"https:\/\/www.afaescolabarcelona.cat\/index.php\/wp-json\/wp\/v2\/comments?post=313"}],"version-history":[{"count":5,"href":"https:\/\/www.afaescolabarcelona.cat\/index.php\/wp-json\/wp\/v2\/pages\/313\/revisions"}],"predecessor-version":[{"id":2454,"href":"https:\/\/www.afaescolabarcelona.cat\/index.php\/wp-json\/wp\/v2\/pages\/313\/revisions\/2454"}],"wp:attachment":[{"href":"https:\/\/www.afaescolabarcelona.cat\/index.php\/wp-json\/wp\/v2\/media?parent=313"}],"curies":[{"name":"wp","href":"https:\/\/api.w.org\/{rel}","templated":true}]}}

<div class="wp-block-themeisle-blocks-advanced-columns has-1-columns has-desktop-equal-layout has-tablet-equal-layout has-mobile-equal-layout has-default-gap has-vertical-unset" id="wp-block-themeisle-blocks-advanced-columns-dcbb3450" style="border-width:0px;border-style:solid;border-color:#000000;border-radius:0px;justify-content:unset"><div class="wp-themeisle-block-overlay" style="opacity:0.5;mix-blend-mode:normal"></div><div class="innerblocks-wrap">
<div class="wp-block-themeisle-blocks-advanced-column" id="wp-block-themeisle-blocks-advanced-column-90174d66" style="border-width:0px;border-style:solid;border-color:#000000;border-radius:0px">
<p><b>Dirigit a: </b>de 1r a 6è</p>
<p><b>Responsable: </b>Diver’s</p>
<p><b>Descripció de l’activitat: </b><br>
<b>PRESENTACIÓ</b><br>
En contra del que generalment es pensa donat el seu caràcter de lluita, no és un esport violent, sinó tot el contrari, ja que la força física no és el valor fonamental sinó un medi d’autodefensa. Des de l’inici constitueix un excel·lent agent socialitzador per diferenciar el combat esportiu de l’acte violent. S’emmarca en un ambient saludable d’amistat, companyerisme i respecte.<br><br> 
La pràctica del Judo està oberta a qualsevol infant, sigui quin sigui el seu estat físic.<br><br> 
És molt recomanable per treballar l’agressivitat, l’hiperactivitat, l’autoconfiança&#8230; així com per canalitzar les energies.<br><br>
<b>METODOLOGIA</b><br>
La metodologia de l’activitat és pràctica, la sessió tindrà la següent estructura:<br> 
<ol>
<li>Ens posem el judoki i el cinturó.</li> 
<li>Salutacions.</li> 
<li>Escalfament.</li> 
<li>Jocs, exercicis i entrenament.</li> 
<li>Relaxació i acomiadament.</li>
</ol>
<b>OBJECTIUS</b><br>
<ul>
<li>Descobrir, acceptar i utilitzar el propi cos.</li> 
<li>Actuar amb autonomia.</li> 
<li>Adquirir autoconfiança.</li> 
<li>Gaudir i expressar-se a través del moviment.</li> 
<li>Incorporar nous esquemes motrius (desplaçaments, caigudes…).</li> 
<li>Conèixer i respectar les regles del judo.</li> 
<li>Conèixer i aplicar tècniques senzilles de judo.</li>
</ul>
<b>CONTINGUTS I ACTIVITATS</b><br>
<ul>
<li>Normativa, filosofia i disciplina del judo.</li> 
<li>Nomenclatures i protocols d’inici i final de judo. Salutacions i forma de lligar-se el cinturó.</li>
<li>Apropament al contacte mitjançant la fixació d’agafades i aprenent l’agafada fonamental del judo.</li> 
<li>Atac i defensa.</li> 
<li>Treball de les qualitats físiques: resistència, força, flexibilitat, velocitat&#8230;</li> 
<li>Caigudes.</li> 
<li>Exercicis individuals i en parella.</li> 
<li>Habilitats motrius: quadrupèdies bàsiques, tombarelles endavant/endarrere, pont, vertical, paloma + salt de potro, roda + paloma.</li> 
<li>Judo dret, judo terra i immobilitzacions.</li> 
<li>Judo peu i tècniques de cames.</li> 
<li>Combinacions motores: córrer, girar a l’aire, roda i encadenament dret terra.</li> 
<li>Encadenaments, immobilitzacions i sortides.</li> 
<li>Iniciació al combat a terra.</li> 
<li>Iniciació al combat dret.</li>
</ul>
</p>
<p><b>Material / vestuari: </b>Els infants han de portar kimono de judo. Es poden canviar abans de fer l’activitat.</p>
<p><b>Lloc de realització i recollida: </b>L’activitat es realitza al recinte escolar. La recollida es farà a les 17:15h al porxo.</p></div>
</div></div>

<p>Dirigit a: de 1r a 6è Responsable: Diver’s Descripció de l’activitat: PRESENTACIÓ En contra del que generalment es pensa donat el seu caràcter de lluita, no és un esport violent, sinó tot el contrari, ja que la força física no és el valor fonamental sinó un medi d’autodefensa. Des de [&hellip;]</p>
