{"id":319,"date":"2020-01-25T00:01:01","date_gmt":"2020-01-24T23:01:01","guid":{"rendered":"http:\/\/afaescolabarcelona.cat\/?page_id=319"},"modified":"2026-04-08T12:35:56","modified_gmt":"2026-04-08T11:35:56","slug":"espai-tardes","status":"publish","type":"page","link":"https:\/\/www.afaescolabarcelona.cat\/index.php\/espai-tardes\/","title":{"rendered":"Espai Tardes"},"content":{"rendered":"<p><b>Dirigit a: <\/b>d&#8217;I3 a 6\u00e8<\/p>\n<p><b>Responsable: <\/b>Diver\u2019s<\/p>\n<p><b>Descripci\u00f3 de l\u2019activitat: <\/b>L\u2019espai tardes \u00e9s una experi\u00e8ncia on els infants es divertiran amb els jocs, les ci\u00e8ncies, les arts i les activitats esportives i gaudiran del seu temps lliure. Un espai creatiu, actiu i de socialitzaci\u00f3. Els infants podran remenar i triar sempre, d\u2019entre un ampli ventall d\u2019activitats, aquella que volen fer. Els monitors\/es els faran diferents propostes i mitjan\u00e7ant totes les activitats treballarem valors, emocions i sentiments.<\/p>\n<p><b>Material \/ vestuari: <\/b>En aquesta activitat no es requereix cap mena de material ni vestuari concret.<\/p>\n<p><b>Lloc de realitzaci\u00f3 i recollida:\u00a0<\/b>L\u2019activitat es realitza al menjador de l\u2019escola. La recollida es far\u00e0 a les 17:15 h al porxo. No es poden recollir infants fora de l\u2019horari establert; si un infant no pot quedar-se fins a finalitzar l\u2019activitat, \u00e9s millor que aquell dia el vingueu a buscar abans que comenci.<\/p>\n<p>Podeu consultar aqu\u00ed el <strong><a href=\"https:\/\/www.afaescolabarcelona.cat\/wp-content\/uploads\/2026\/04\/Programa-Espai-Tardes-3r-trimestre.pdf\">programa d&#8217;activitats del tercer trimestre<\/a>.<\/strong><\/p>\n<p><!-- \/wp:post-content --><\/p>\n<p><!-- wp:paragraph --><\/p>\n<p><!-- \/wp:paragraph --><\/p>\n<p><!-- wp:paragraph --><\/p>\n<p><!-- \/wp:paragraph --><\/p>\n\n<!-- wp:paragraph -->\n<p><\/p>\n<!-- \/wp:paragraph -->","protected":false},"excerpt":{"rendered":"<p>Dirigit a: d&#8217;I3 a 6\u00e8 Responsable: Diver\u2019s Descripci\u00f3 de l\u2019activitat: L\u2019espai tardes \u00e9s una experi\u00e8ncia on els infants es divertiran amb els jocs, les ci\u00e8ncies, les arts i les activitats esportives i gaudiran del seu temps lliure. Un espai creatiu, actiu i de socialitzaci\u00f3. Els infants podran remenar i triar [&hellip;]<\/p>\n","protected":false},"author":1,"featured_media":0,"parent":0,"menu_order":0,"comment_status":"closed","ping_status":"closed","template":"","meta":{"footnotes":""},"class_list":["post-319","page","type-page","status-publish","hentry"],"post_mailing_queue_ids":[],"_links":{"self":[{"href":"https:\/\/www.afaescolabarcelona.cat\/index.php\/wp-json\/wp\/v2\/pages\/319","targetHints":{"allow":["GET"]}}],"collection":[{"href":"https:\/\/www.afaescolabarcelona.cat\/index.php\/wp-json\/wp\/v2\/pages"}],"about":[{"href":"https:\/\/www.afaescolabarcelona.cat\/index.php\/wp-json\/wp\/v2\/types\/page"}],"author":[{"embeddable":true,"href":"https:\/\/www.afaescolabarcelona.cat\/index.php\/wp-json\/wp\/v2\/users\/1"}],"replies":[{"embeddable":true,"href":"https:\/\/www.afaescolabarcelona.cat\/index.php\/wp-json\/wp\/v2\/comments?post=319"}],"version-history":[{"count":34,"href":"https:\/\/www.afaescolabarcelona.cat\/index.php\/wp-json\/wp\/v2\/pages\/319\/revisions"}],"predecessor-version":[{"id":3066,"href":"https:\/\/www.afaescolabarcelona.cat\/index.php\/wp-json\/wp\/v2\/pages\/319\/revisions\/3066"}],"wp:attachment":[{"href":"https:\/\/www.afaescolabarcelona.cat\/index.php\/wp-json\/wp\/v2\/media?parent=319"}],"curies":[{"name":"wp","href":"https:\/\/api.w.org\/{rel}","templated":true}]}}