{"id":328,"date":"2020-01-25T00:04:03","date_gmt":"2020-01-24T23:04:03","guid":{"rendered":"http:\/\/afaescolabarcelona.cat\/?page_id=328"},"modified":"2023-04-25T09:14:23","modified_gmt":"2023-04-25T08:14:23","slug":"dansa-moderna","status":"publish","type":"page","link":"https:\/\/www.afaescolabarcelona.cat\/index.php\/dansa-moderna\/","title":{"rendered":"Ballem"},"content":{"rendered":"\n<div class=\"wp-block-themeisle-blocks-advanced-columns has-1-columns has-desktop-equal-layout has-tablet-equal-layout has-mobile-equal-layout has-default-gap has-vertical-unset\" id=\"wp-block-themeisle-blocks-advanced-columns-dcbb3450\" style=\"border-width:0px;border-style:solid;border-color:#000000;border-radius:0px;justify-content:unset\"><div class=\"wp-themeisle-block-overlay\" style=\"opacity:0.5;mix-blend-mode:normal\"><\/div><div class=\"innerblocks-wrap\">\n<div class=\"wp-block-themeisle-blocks-advanced-column\" id=\"wp-block-themeisle-blocks-advanced-column-90174d66\" style=\"border-width:0px;border-style:solid;border-color:#000000;border-radius:0px\">\n<p><b>Dirigit a: <\/b>d&#8217;I3 a I5<\/p>\n<p><b>Responsable: <\/b>Diver\u2019s<\/p>\n<p><b>Descripci\u00f3 de l\u2019activitat: <\/b><br>\n<b>PRESENTACI\u00d3<\/b><br>\nTaller de dansa a trav\u00e9s del qual es treballa la disciplina i el treball en grup, cooperatiu i tamb\u00e9 individual. D\u2019una banda es busca que l\u2019infant sigui capa\u00e7 de coordinar els moviments amb la melodia i el ritme treballant amb el propi cos; d\u2019altra, es busca fer una iniciaci\u00f3 a la dansa i ballar amb diferents estils.<br><br>\n<b>METODOLOGIA<\/b><br>\nLa metodologia de l\u2019activitat \u00e9s pr\u00e0ctica, la sessi\u00f3 tindr\u00e0 la seg\u00fcent estructura:<br>\n<ol>\n<li>Escalfament.<\/li>\n<li>Jocs per activar-se.<\/li> \n<li>Jocs i exercicis de dansa.<\/li> \n<li>Coreografies.<\/li> \n<li>Tornada a la calma, relaxaci\u00f3 (\u00faltims 5 minuts).<\/li>\n<\/ol>\n<b>OBJECTIUS<\/b><br>\n<ul>\n<li>Crear un espai on gaudir de la dansa, desinhibir-se i afavorir la relaci\u00f3 amb el grup.<\/li>\n<li>Treballar la coordinaci\u00f3 i mem\u00f2ria mitjan\u00e7ant petites coreografies.<\/li>\n<li>Aprendre passos b\u00e0sics de dansa en diferents estils.<\/li>\n<li>Prendre consci\u00e8ncia del propi cos.<\/li>\n<li>Practicar l\u2019activitat f\u00edsica.<\/li>\n<li>Fomentar valors de respecte i cooperaci\u00f3 entre d\u2019altres.<\/li> \n<li>Distingir les diferents qualitats que existeixen tant en la m\u00fasica com en el propi cos.<\/li>\n<\/ul>\n<b>CONTINGUTS I ACTIVITATS<\/b><br>\n<ul>\n<li>Jocs dirigits i exercicis de dansa adequats a cada nivell.<\/li> \n<li>Jocs amb diferents elements i materials.<\/li> \n<li>Jocs psicomotrius per control del cos, l\u2019equilibri, l\u2019espai i la lateralitat.<\/li> \n<li>Jocs de coordinaci\u00f3 i sincronitzaci\u00f3 de moviments en grup.<\/li> \n<li>Passos de ball i ritmes corporals, evolucions individuals, en parelles i en grup.<\/li> \n<li>Sensibilitzaci\u00f3 musical, expressi\u00f3 emocional.<\/li> \n<li>Petites coreografies.<\/li>\n<\/ul>\nPrepararem v\u00e0ries coreografies per fi de curs amb la tem\u00e0tica \u201cHOMENATGE A HOLLYWOOD\u201d (bandes sonores de pel\u00b7l\u00edcules).\n<\/p>\n<p><b>Material \/ vestuari: <\/b>Els infants han de venir des de casa amb roba c\u00f2moda i el\u00e0stica (per exemple pantal\u00f3 el\u00e0stic i samarreta) i sabatilles de dansa \u201ctipus Vict\u00f2ria\u201d.<\/p>\n<p><b>Lloc de realitzaci\u00f3 i recollida: <\/b>L\u2019activitat es realitza al recinte escolar. La recollida es far\u00e0 a les 17:15h al porxo.<\/p><\/div>\n<\/div><\/div>\n","protected":false},"excerpt":{"rendered":"<p>Dirigit a: d&#8217;I3 a I5 Responsable: Diver\u2019s Descripci\u00f3 de l\u2019activitat: PRESENTACI\u00d3 Taller de dansa a trav\u00e9s del qual es treballa la disciplina i el treball en grup, cooperatiu i tamb\u00e9 individual. D\u2019una banda es busca que l\u2019infant sigui capa\u00e7 de coordinar els moviments amb la melodia i el ritme treballant [&hellip;]<\/p>\n","protected":false},"author":1,"featured_media":0,"parent":0,"menu_order":0,"comment_status":"closed","ping_status":"closed","template":"","meta":{"footnotes":""},"class_list":["post-328","page","type-page","status-publish","hentry"],"post_mailing_queue_ids":[],"_links":{"self":[{"href":"https:\/\/www.afaescolabarcelona.cat\/index.php\/wp-json\/wp\/v2\/pages\/328","targetHints":{"allow":["GET"]}}],"collection":[{"href":"https:\/\/www.afaescolabarcelona.cat\/index.php\/wp-json\/wp\/v2\/pages"}],"about":[{"href":"https:\/\/www.afaescolabarcelona.cat\/index.php\/wp-json\/wp\/v2\/types\/page"}],"author":[{"embeddable":true,"href":"https:\/\/www.afaescolabarcelona.cat\/index.php\/wp-json\/wp\/v2\/users\/1"}],"replies":[{"embeddable":true,"href":"https:\/\/www.afaescolabarcelona.cat\/index.php\/wp-json\/wp\/v2\/comments?post=328"}],"version-history":[{"count":7,"href":"https:\/\/www.afaescolabarcelona.cat\/index.php\/wp-json\/wp\/v2\/pages\/328\/revisions"}],"predecessor-version":[{"id":2371,"href":"https:\/\/www.afaescolabarcelona.cat\/index.php\/wp-json\/wp\/v2\/pages\/328\/revisions\/2371"}],"wp:attachment":[{"href":"https:\/\/www.afaescolabarcelona.cat\/index.php\/wp-json\/wp\/v2\/media?parent=328"}],"curies":[{"name":"wp","href":"https:\/\/api.w.org\/{rel}","templated":true}]}}

<div class="wp-block-themeisle-blocks-advanced-columns has-1-columns has-desktop-equal-layout has-tablet-equal-layout has-mobile-equal-layout has-default-gap has-vertical-unset" id="wp-block-themeisle-blocks-advanced-columns-dcbb3450" style="border-width:0px;border-style:solid;border-color:#000000;border-radius:0px;justify-content:unset"><div class="wp-themeisle-block-overlay" style="opacity:0.5;mix-blend-mode:normal"></div><div class="innerblocks-wrap">
<div class="wp-block-themeisle-blocks-advanced-column" id="wp-block-themeisle-blocks-advanced-column-90174d66" style="border-width:0px;border-style:solid;border-color:#000000;border-radius:0px">
<p><b>Dirigit a: </b>d&#8217;I3 a I5</p>
<p><b>Responsable: </b>Diver’s</p>
<p><b>Descripció de l’activitat: </b><br>
<b>PRESENTACIÓ</b><br>
Taller de dansa a través del qual es treballa la disciplina i el treball en grup, cooperatiu i també individual. D’una banda es busca que l’infant sigui capaç de coordinar els moviments amb la melodia i el ritme treballant amb el propi cos; d’altra, es busca fer una iniciació a la dansa i ballar amb diferents estils.<br><br>
<b>METODOLOGIA</b><br>
La metodologia de l’activitat és pràctica, la sessió tindrà la següent estructura:<br>
<ol>
<li>Escalfament.</li>
<li>Jocs per activar-se.</li> 
<li>Jocs i exercicis de dansa.</li> 
<li>Coreografies.</li> 
<li>Tornada a la calma, relaxació (últims 5 minuts).</li>
</ol>
<b>OBJECTIUS</b><br>
<ul>
<li>Crear un espai on gaudir de la dansa, desinhibir-se i afavorir la relació amb el grup.</li>
<li>Treballar la coordinació i memòria mitjançant petites coreografies.</li>
<li>Aprendre passos bàsics de dansa en diferents estils.</li>
<li>Prendre consciència del propi cos.</li>
<li>Practicar l’activitat física.</li>
<li>Fomentar valors de respecte i cooperació entre d’altres.</li> 
<li>Distingir les diferents qualitats que existeixen tant en la música com en el propi cos.</li>
</ul>
<b>CONTINGUTS I ACTIVITATS</b><br>
<ul>
<li>Jocs dirigits i exercicis de dansa adequats a cada nivell.</li> 
<li>Jocs amb diferents elements i materials.</li> 
<li>Jocs psicomotrius per control del cos, l’equilibri, l’espai i la lateralitat.</li> 
<li>Jocs de coordinació i sincronització de moviments en grup.</li> 
<li>Passos de ball i ritmes corporals, evolucions individuals, en parelles i en grup.</li> 
<li>Sensibilització musical, expressió emocional.</li> 
<li>Petites coreografies.</li>
</ul>
Prepararem vàries coreografies per fi de curs amb la temàtica “HOMENATGE A HOLLYWOOD” (bandes sonores de pel·lícules).
</p>
<p><b>Material / vestuari: </b>Els infants han de venir des de casa amb roba còmoda i elàstica (per exemple pantaló elàstic i samarreta) i sabatilles de dansa “tipus Victòria”.</p>
<p><b>Lloc de realització i recollida: </b>L’activitat es realitza al recinte escolar. La recollida es farà a les 17:15h al porxo.</p></div>
</div></div>

<p>Dirigit a: d&#8217;I3 a I5 Responsable: Diver’s Descripció de l’activitat: PRESENTACIÓ Taller de dansa a través del qual es treballa la disciplina i el treball en grup, cooperatiu i també individual. D’una banda es busca que l’infant sigui capaç de coordinar els moviments amb la melodia i el ritme treballant [&hellip;]</p>
