{"id":401,"date":"2020-01-26T23:02:55","date_gmt":"2020-01-26T22:02:55","guid":{"rendered":"http:\/\/afaescolabarcelona.cat\/?page_id=401"},"modified":"2021-04-15T17:25:12","modified_gmt":"2021-04-15T16:25:12","slug":"comisio-menjador","status":"publish","type":"page","link":"https:\/\/www.afaescolabarcelona.cat\/index.php\/comisio-menjador\/","title":{"rendered":"Comisi\u00f3 Menjador"},"content":{"rendered":"\n<p>Vetllar pel bon funcionament dels serveis contractats de cuina i monitoratge (adequaci\u00f3 dels men\u00fas a les recomanacions dels departaments de Salut i Ensenyament de la Generalitat i de l\u2019Ag\u00e8ncia de Salut P\u00fablica de Barcelona; seguiment de la concreci\u00f3 del projecte educatiu del temps de migdia, d\u2019acord amb les l\u00ednies establertes, etc.) reunint-se peri\u00f2dicament amb les empreses que presten aquests serveis i amb la direcci\u00f3 de l\u2019escola.<\/p>\n\n\n\n<p><strong>Funcions principals:<\/strong>&nbsp;<\/p>\n\n\n\n<ul class=\"wp-block-list\"><li>Vetllar pel seguiment dels criteris d\u2019una alimentaci\u00f3 saludable i completa atenent a les recomanacions de la Generalitat de Catalunya<\/li><li>Oferir men\u00fas pels alumnes amb necessitats nutricionals espec\u00edfiques: cel\u00edacs (men\u00fas sense gluten), amb al\u00b7l\u00e8rgies, intoler\u00e0ncies (men\u00fas sense ou, sense lactosa) i fer seguiment dels requeriments documentals necessaris per aplicar-les.<\/li><li>Aprovaci\u00f3 i seguiment del projecte de monitoratge sobre l\u2019adquisici\u00f3 de bons h\u00e0bits i pautes perqu\u00e8 aprenguin a recon\u00e8ixer el que \u00e9s una propostes per conjugar el foment de l\u2019activitat f\u00edsica, l\u2019aprenentatge social i la creativitat. Aquestes seran programades i definides amb concreci\u00f3 d\u2019objectius a l\u2019inici del curs.<\/li><li>Seguiment i adequaci\u00f3 de les r\u00e0tios d\u2019alumnes requerides durant el temps anterior i posterior de l\u2019estona de dinar.<\/li><li>Col.laborar amb la comissi\u00f3 economica i legal en la recerca i tramitaci\u00f3 de subvencions per a finan\u00e7ar l\u2019espai menjador.<\/li><\/ul>\n\n\n\n<ol class=\"wp-block-list\"><li><strong>Principals Inputs de la Comissi\u00f3:<\/strong><\/li><\/ol>\n\n\n\n<ul class=\"wp-block-list\"><li>Des d\u2019administraci\u00f3 AFA:<\/li><li>Des de l\u2019entitat&nbsp; prove\u00efdora del servei de monitoratge:<\/li><li>Des de l\u2019entitat prove\u00efdora del servei de cuina:<\/li><li>Des de l\u2019Escola:<\/li><li>Altres:<\/li><\/ul>\n\n\n\n<ol class=\"wp-block-list\" start=\"2\"><li><strong>Outputs de la Comissi\u00f3<\/strong><\/li><\/ol>\n\n\n\n<ul class=\"wp-block-list\"><li>Men\u00fa Menjador (valoraci\u00f3 AFA i presentaci\u00f3 web)<\/li><li>Projecte educatiu temps migdia (valoraci\u00f3 AFA i presentaci\u00f3 web)<\/li><li>Incid\u00e8ncies pagaments &nbsp;(valoraci\u00f3 Comissi\u00f3 econ\u00f2mica)<\/li><li>Incid\u00e8ncies alumnes i\/o fam\u00edlies (valoraci\u00f3 AFA)<\/li><\/ul>\n","protected":false},"excerpt":{"rendered":"<p>Vetllar pel bon funcionament dels serveis contractats de cuina i monitoratge (adequaci\u00f3 dels men\u00fas a les recomanacions dels departaments de Salut i Ensenyament de la Generalitat i de l\u2019Ag\u00e8ncia de Salut P\u00fablica de Barcelona; seguiment de la concreci\u00f3 del projecte educatiu del temps de migdia, d\u2019acord amb les l\u00ednies establertes, [&hellip;]<\/p>\n","protected":false},"author":1,"featured_media":1440,"parent":0,"menu_order":0,"comment_status":"closed","ping_status":"closed","template":"","meta":{"footnotes":""},"class_list":["post-401","page","type-page","status-publish","has-post-thumbnail","hentry"],"post_mailing_queue_ids":[],"_links":{"self":[{"href":"https:\/\/www.afaescolabarcelona.cat\/index.php\/wp-json\/wp\/v2\/pages\/401","targetHints":{"allow":["GET"]}}],"collection":[{"href":"https:\/\/www.afaescolabarcelona.cat\/index.php\/wp-json\/wp\/v2\/pages"}],"about":[{"href":"https:\/\/www.afaescolabarcelona.cat\/index.php\/wp-json\/wp\/v2\/types\/page"}],"author":[{"embeddable":true,"href":"https:\/\/www.afaescolabarcelona.cat\/index.php\/wp-json\/wp\/v2\/users\/1"}],"replies":[{"embeddable":true,"href":"https:\/\/www.afaescolabarcelona.cat\/index.php\/wp-json\/wp\/v2\/comments?post=401"}],"version-history":[{"count":5,"href":"https:\/\/www.afaescolabarcelona.cat\/index.php\/wp-json\/wp\/v2\/pages\/401\/revisions"}],"predecessor-version":[{"id":1917,"href":"https:\/\/www.afaescolabarcelona.cat\/index.php\/wp-json\/wp\/v2\/pages\/401\/revisions\/1917"}],"wp:featuredmedia":[{"embeddable":true,"href":"https:\/\/www.afaescolabarcelona.cat\/index.php\/wp-json\/wp\/v2\/media\/1440"}],"wp:attachment":[{"href":"https:\/\/www.afaescolabarcelona.cat\/index.php\/wp-json\/wp\/v2\/media?parent=401"}],"curies":[{"name":"wp","href":"https:\/\/api.w.org\/{rel}","templated":true}]}}

Comisió Menjador

<p>Vetllar pel bon funcionament dels serveis contractats de cuina i monitoratge (adequació dels menús a les recomanacions dels departaments de Salut i Ensenyament de la Generalitat i de l’Agència de Salut Pública de Barcelona; seguiment de la concreció del projecte educatiu del temps de migdia, d’acord amb les línies establertes, etc.) reunint-se periòdicament amb les empreses que presten aquests serveis i amb la direcció de l’escola.</p>



<p><strong>Funcions principals:</strong>&nbsp;</p>



<ul class="wp-block-list"><li>Vetllar pel seguiment dels criteris d’una alimentació saludable i completa atenent a les recomanacions de la Generalitat de Catalunya</li><li>Oferir menús pels alumnes amb necessitats nutricionals específiques: celíacs (menús sense gluten), amb al·lèrgies, intoleràncies (menús sense ou, sense lactosa) i fer seguiment dels requeriments documentals necessaris per aplicar-les.</li><li>Aprovació i seguiment del projecte de monitoratge sobre l’adquisició de bons hàbits i pautes perquè aprenguin a reconèixer el que és una propostes per conjugar el foment de l’activitat física, l’aprenentatge social i la creativitat. Aquestes seran programades i definides amb concreció d’objectius a l’inici del curs.</li><li>Seguiment i adequació de les ràtios d’alumnes requerides durant el temps anterior i posterior de l’estona de dinar.</li><li>Col.laborar amb la comissió economica i legal en la recerca i tramitació de subvencions per a finançar l’espai menjador.</li></ul>



<ol class="wp-block-list"><li><strong>Principals Inputs de la Comissió:</strong></li></ol>



<ul class="wp-block-list"><li>Des d’administració AFA:</li><li>Des de l’entitat&nbsp; proveïdora del servei de monitoratge:</li><li>Des de l’entitat proveïdora del servei de cuina:</li><li>Des de l’Escola:</li><li>Altres:</li></ul>



<ol class="wp-block-list" start="2"><li><strong>Outputs de la Comissió</strong></li></ol>



<ul class="wp-block-list"><li>Menú Menjador (valoració AFA i presentació web)</li><li>Projecte educatiu temps migdia (valoració AFA i presentació web)</li><li>Incidències pagaments &nbsp;(valoració Comissió econòmica)</li><li>Incidències alumnes i/o famílies (valoració AFA)</li></ul>

<p>Vetllar pel bon funcionament dels serveis contractats de cuina i monitoratge (adequació dels menús a les recomanacions dels departaments de Salut i Ensenyament de la Generalitat i de l’Agència de Salut Pública de Barcelona; seguiment de la concreció del projecte educatiu del temps de migdia, d’acord amb les línies establertes, [&hellip;]</p>
