{"id":410,"date":"2020-01-26T23:06:11","date_gmt":"2020-01-26T22:06:11","guid":{"rendered":"http:\/\/afaescolabarcelona.cat\/?page_id=410"},"modified":"2021-04-12T13:23:20","modified_gmt":"2021-04-12T12:23:20","slug":"comisio-digital","status":"publish","type":"page","link":"https:\/\/www.afaescolabarcelona.cat\/index.php\/comisio-digital\/","title":{"rendered":"Comisi\u00f3 Comunicaci\u00f3 i Transformaci\u00f3 Digital"},"content":{"rendered":"\n<section class=\"wp-block-themeisle-blocks-advanced-columns alignfull has-1-columns has-desktop-equal-layout has-tablet-equal-layout has-mobile-equal-layout has-nogap-gap has-vertical-flex-start\" id=\"wp-block-themeisle-blocks-advanced-columns-f6c7bffc\"><div class=\"wp-block-themeisle-blocks-advanced-columns-overlay\"><\/div><div class=\"innerblocks-wrap\">\n<div class=\"wp-block-themeisle-blocks-advanced-column\" id=\"wp-block-themeisle-blocks-advanced-column-1ab761b0\">\n<section class=\"wp-block-themeisle-blocks-advanced-columns has-2-columns has-desktop-equal-layout has-tablet-equal-layout has-mobile-collapsedRows-layout has-nogap-gap has-vertical-flex-start\" id=\"wp-block-themeisle-blocks-advanced-columns-2a9d29c1\"><div class=\"wp-block-themeisle-blocks-advanced-columns-overlay\"><\/div><div class=\"innerblocks-wrap\">\n<div class=\"wp-block-themeisle-blocks-advanced-column\" id=\"wp-block-themeisle-blocks-advanced-column-c7d4d29c\">\n<div id=\"wp-block-themeisle-blocks-advanced-heading-7e524142\" class=\"wp-block-themeisle-blocks-advanced-heading wp-block-themeisle-blocks-advanced-heading-7e524142\"><strong>Qu\u00c8 fem<\/strong><\/div>\n\n\n\n<h3 class=\"has-text-align-left wp-block-heading\">Comunicant digitalment<\/h3>\n\n\n\n<p class=\"has-text-align-left\">El nostre objectiu treure el m\u00e0xim profit de les noves teconoogies en tots els \u00e0mbits de l&#8217;AMPA, i especialment en les comunicacions amb les fam\u00edlies.<\/p>\n\n\n\n<p>En aquest sentit la comisi\u00f3 du a terme diferents projectes com la creci\u00f3 de la nova web, la unificaci\u00f3 dels canals de comunicaci\u00f3, el proc\u00e9s d&#8217;inscripci\u00f3 on-ine a extraescolars, etc.<\/p>\n<\/div>\n\n\n\n<div class=\"wp-block-themeisle-blocks-advanced-column\" id=\"wp-block-themeisle-blocks-advanced-column-055569e2\">\n<div class=\"wp-block-image\"><figure class=\"alignright size-large is-resized\"><img loading=\"lazy\" decoding=\"async\" src=\"https:\/\/www.afaescolabarcelona.cat\/wp-content\/uploads\/2020\/11\/network-3732122_1280-edited.jpg\" alt=\"\" class=\"wp-image-1516\" width=\"275\" height=\"207\" srcset=\"https:\/\/www.afaescolabarcelona.cat\/wp-content\/uploads\/2020\/11\/network-3732122_1280-edited.jpg 567w, https:\/\/www.afaescolabarcelona.cat\/wp-content\/uploads\/2020\/11\/network-3732122_1280-edited-300x225.jpg 300w\" sizes=\"auto, (max-width: 275px) 100vw, 275px\" \/><\/figure><\/div>\n<\/div>\n<\/div><\/section>\n\n\n\n<section class=\"wp-block-themeisle-blocks-advanced-columns has-3-columns has-desktop-equal-layout has-tablet-equal-layout has-mobile-collapsedRows-layout has-nogap-gap has-vertical-flex-start\" id=\"wp-block-themeisle-blocks-advanced-columns-d6397228\"><div class=\"wp-block-themeisle-blocks-advanced-columns-overlay\"><\/div><div class=\"innerblocks-wrap\">\n<div class=\"wp-block-themeisle-blocks-advanced-column\" id=\"wp-block-themeisle-blocks-advanced-column-98ad0d8b\">\n<h3 class=\"has-text-align-left wp-block-heading\">Millora de les comunicacions<\/h3>\n\n\n\n<p><strong>Millora dels processos de comunicaci\u00f3<\/strong> de l\u2019AFA utilitzant els recursos tecnol\u00f2gics existents.<\/p>\n<\/div>\n\n\n\n<div class=\"wp-block-themeisle-blocks-advanced-column\" id=\"wp-block-themeisle-blocks-advanced-column-adfeb521\">\n<h3 class=\"has-text-align-left wp-block-heading\">Transformaci\u00f3 Digital<\/h3>\n\n\n\n<p><strong>Millora dels processos<\/strong> <strong>de gesti\u00f3<\/strong> tant amb les fam\u00edlies com els propis procesos inters de l&#8217;AFA. <\/p>\n<\/div>\n\n\n\n<div class=\"wp-block-themeisle-blocks-advanced-column\" id=\"wp-block-themeisle-blocks-advanced-column-36e3e158\">\n<h3 class=\"has-text-align-left wp-block-heading\">Transpar\u00e8ncia<\/h3>\n\n\n\n<p class=\"has-text-align-left\">Comunicar de forma efectiva les activitats realitzades i les decisions presses a tots els socis amb la finalitat  de fer-los part\u00edceps alhora que es dona visibilitat a la labor de l&#8217;AFA.<\/p>\n<\/div>\n<\/div><\/section>\n\n\n\n<h3 id=\"wp-block-themeisle-blocks-advanced-heading-f9cc8a0e\" class=\"wp-block-themeisle-blocks-advanced-heading wp-block-themeisle-blocks-advanced-heading-f9cc8a0e\">Qui som<\/h3>\n\n\n\n<p class=\"has-text-align-center\">Actualment aquests s\u00f3m els integrans de la comisi\u00f3 de Comunicaci\u00f3 i Transformaci\u00f3 Digital i aix\u00ed ens repartim la feina<\/p>\n\n\n\n<div class=\"wp-block-themeisle-blocks-advanced-columns has-3-columns has-desktop-equal-layout has-tablet-equal-layout has-mobile-collapsedRows-layout has-default-gap has-vertical-unset\" id=\"wp-block-themeisle-blocks-advanced-columns-3990448a\"><div class=\"wp-block-themeisle-blocks-advanced-columns-overlay\"><\/div><div class=\"innerblocks-wrap\">\n<div class=\"wp-block-themeisle-blocks-advanced-column\" id=\"wp-block-themeisle-blocks-advanced-column-4582a622\">\n<div class=\"wp-block-image is-style-rounded\"><figure class=\"aligncenter size-large is-resized\"><img loading=\"lazy\" decoding=\"async\" src=\"https:\/\/www.afaescolabarcelona.cat\/wp-content\/uploads\/2020\/11\/baixa-4.jpeg\" alt=\"\" class=\"wp-image-1509\" width=\"128\" height=\"128\" srcset=\"https:\/\/www.afaescolabarcelona.cat\/wp-content\/uploads\/2020\/11\/baixa-4.jpeg 200w, https:\/\/www.afaescolabarcelona.cat\/wp-content\/uploads\/2020\/11\/baixa-4-150x150.jpeg 150w\" sizes=\"auto, (max-width: 128px) 100vw, 128px\" \/><figcaption>XAVIER MUND\u00d3 <\/figcaption><\/figure><\/div>\n\n\n\n<p class=\"has-text-align-center\">Manteniment de la web i dels sistemes d&#8217;informaci\u00f3 de l&#8217;AFA.<br>Enviament de comunicats digitals i publicacions a la web<\/p>\n<\/div>\n\n\n\n<div class=\"wp-block-themeisle-blocks-advanced-column\" id=\"wp-block-themeisle-blocks-advanced-column-836a0034\">\n<div class=\"wp-block-image is-style-rounded\"><figure class=\"aligncenter size-large is-resized\"><img loading=\"lazy\" decoding=\"async\" src=\"https:\/\/www.afaescolabarcelona.cat\/wp-content\/uploads\/2020\/11\/user-unknown-woman-512.png\" alt=\"\" class=\"wp-image-1510\" width=\"128\" height=\"128\" srcset=\"https:\/\/www.afaescolabarcelona.cat\/wp-content\/uploads\/2020\/11\/user-unknown-woman-512.png 512w, https:\/\/www.afaescolabarcelona.cat\/wp-content\/uploads\/2020\/11\/user-unknown-woman-512-300x300.png 300w, https:\/\/www.afaescolabarcelona.cat\/wp-content\/uploads\/2020\/11\/user-unknown-woman-512-150x150.png 150w\" sizes=\"auto, (max-width: 128px) 100vw, 128px\" \/><figcaption>JUDITH HERRAIZ<\/figcaption><\/figure><\/div>\n\n\n\n<div id=\"wp-block-themeisle-blocks-advanced-heading-3033298b\" class=\"wp-block-themeisle-blocks-advanced-heading wp-block-themeisle-blocks-advanced-heading-3033298b\">Manteniment de la web i dels canals de comunicaci\u00f3<\/div>\n<\/div>\n\n\n\n<div class=\"wp-block-themeisle-blocks-advanced-column\" id=\"wp-block-themeisle-blocks-advanced-column-152bb81a\">\n<div class=\"wp-block-image is-style-rounded\"><figure class=\"aligncenter size-large is-resized\"><img loading=\"lazy\" decoding=\"async\" src=\"https:\/\/www.afaescolabarcelona.cat\/wp-content\/uploads\/2020\/11\/user-unknown-woman-512.png\" alt=\"\" class=\"wp-image-1510\" width=\"131\" height=\"131\" srcset=\"https:\/\/www.afaescolabarcelona.cat\/wp-content\/uploads\/2020\/11\/user-unknown-woman-512.png 512w, https:\/\/www.afaescolabarcelona.cat\/wp-content\/uploads\/2020\/11\/user-unknown-woman-512-300x300.png 300w, https:\/\/www.afaescolabarcelona.cat\/wp-content\/uploads\/2020\/11\/user-unknown-woman-512-150x150.png 150w\" sizes=\"auto, (max-width: 131px) 100vw, 131px\" \/><figcaption>TANIA TORRENTS<\/figcaption><\/figure><\/div>\n<\/div>\n<\/div><\/div>\n<\/div>\n<\/div><\/section>\n\n\n\n<p><\/p>\n","protected":false},"excerpt":{"rendered":"","protected":false},"author":1,"featured_media":1514,"parent":0,"menu_order":0,"comment_status":"closed","ping_status":"closed","template":"page-templates\/template-fullwidth.php","meta":{"footnotes":""},"class_list":["post-410","page","type-page","status-publish","has-post-thumbnail","hentry"],"post_mailing_queue_ids":[],"_links":{"self":[{"href":"https:\/\/www.afaescolabarcelona.cat\/index.php\/wp-json\/wp\/v2\/pages\/410","targetHints":{"allow":["GET"]}}],"collection":[{"href":"https:\/\/www.afaescolabarcelona.cat\/index.php\/wp-json\/wp\/v2\/pages"}],"about":[{"href":"https:\/\/www.afaescolabarcelona.cat\/index.php\/wp-json\/wp\/v2\/types\/page"}],"author":[{"embeddable":true,"href":"https:\/\/www.afaescolabarcelona.cat\/index.php\/wp-json\/wp\/v2\/users\/1"}],"replies":[{"embeddable":true,"href":"https:\/\/www.afaescolabarcelona.cat\/index.php\/wp-json\/wp\/v2\/comments?post=410"}],"version-history":[{"count":32,"href":"https:\/\/www.afaescolabarcelona.cat\/index.php\/wp-json\/wp\/v2\/pages\/410\/revisions"}],"predecessor-version":[{"id":1887,"href":"https:\/\/www.afaescolabarcelona.cat\/index.php\/wp-json\/wp\/v2\/pages\/410\/revisions\/1887"}],"wp:featuredmedia":[{"embeddable":true,"href":"https:\/\/www.afaescolabarcelona.cat\/index.php\/wp-json\/wp\/v2\/media\/1514"}],"wp:attachment":[{"href":"https:\/\/www.afaescolabarcelona.cat\/index.php\/wp-json\/wp\/v2\/media?parent=410"}],"curies":[{"name":"wp","href":"https:\/\/api.w.org\/{rel}","templated":true}]}}