{"id":416,"date":"2020-01-26T23:07:34","date_gmt":"2020-01-26T22:07:34","guid":{"rendered":"http:\/\/afaescolabarcelona.cat\/?page_id=416"},"modified":"2020-11-07T17:58:06","modified_gmt":"2020-11-07T16:58:06","slug":"comisio-xerrades","status":"publish","type":"page","link":"https:\/\/www.afaescolabarcelona.cat\/index.php\/comisio-xerrades\/","title":{"rendered":"Comisi\u00f3 Actes i Xerrades"},"content":{"rendered":"\n<div class=\"wp-block-themeisle-blocks-advanced-columns has-1-columns has-desktop-equal-layout has-tablet-equal-layout has-mobile-equal-layout has-default-gap has-vertical-unset\" id=\"wp-block-themeisle-blocks-advanced-columns-41fb58d2\"><div class=\"wp-block-themeisle-blocks-advanced-columns-overlay\"><\/div><div class=\"innerblocks-wrap\">\n<div class=\"wp-block-themeisle-blocks-advanced-column\" id=\"wp-block-themeisle-blocks-advanced-column-0fec2e2b\">\n<p>Amb l\u2019objectiu de compartir activitats que ens ajudin a la crian\u00e7a i la educaci\u00f3, aquesta comissi\u00f3 organitza, al llarg del curs escolar, xerrades i jornades sobre aquells aspectes que ens puguin ser \u00fatils per totes les persones membres de la comunitat escolar. Les xerrades solen comptar amb la participaci\u00f3 d\u2019una persona especialista en el tema de debat que \u00e9s punt de partida d\u2019una tert\u00falia on tothom pot aportar el seu punt de vista.<\/p>\n<\/div>\n<\/div><\/div>\n","protected":false},"excerpt":{"rendered":"","protected":false},"author":1,"featured_media":0,"parent":0,"menu_order":0,"comment_status":"closed","ping_status":"closed","template":"","meta":{"footnotes":""},"class_list":["post-416","page","type-page","status-publish","hentry"],"post_mailing_queue_ids":[],"_links":{"self":[{"href":"https:\/\/www.afaescolabarcelona.cat\/index.php\/wp-json\/wp\/v2\/pages\/416","targetHints":{"allow":["GET"]}}],"collection":[{"href":"https:\/\/www.afaescolabarcelona.cat\/index.php\/wp-json\/wp\/v2\/pages"}],"about":[{"href":"https:\/\/www.afaescolabarcelona.cat\/index.php\/wp-json\/wp\/v2\/types\/page"}],"author":[{"embeddable":true,"href":"https:\/\/www.afaescolabarcelona.cat\/index.php\/wp-json\/wp\/v2\/users\/1"}],"replies":[{"embeddable":true,"href":"https:\/\/www.afaescolabarcelona.cat\/index.php\/wp-json\/wp\/v2\/comments?post=416"}],"version-history":[{"count":3,"href":"https:\/\/www.afaescolabarcelona.cat\/index.php\/wp-json\/wp\/v2\/pages\/416\/revisions"}],"predecessor-version":[{"id":1499,"href":"https:\/\/www.afaescolabarcelona.cat\/index.php\/wp-json\/wp\/v2\/pages\/416\/revisions\/1499"}],"wp:attachment":[{"href":"https:\/\/www.afaescolabarcelona.cat\/index.php\/wp-json\/wp\/v2\/media?parent=416"}],"curies":[{"name":"wp","href":"https:\/\/api.w.org\/{rel}","templated":true}]}}

Comisió Actes i Xerrades

<div class="wp-block-themeisle-blocks-advanced-columns has-1-columns has-desktop-equal-layout has-tablet-equal-layout has-mobile-equal-layout has-default-gap has-vertical-unset" id="wp-block-themeisle-blocks-advanced-columns-41fb58d2"><div class="wp-block-themeisle-blocks-advanced-columns-overlay"></div><div class="innerblocks-wrap">
<div class="wp-block-themeisle-blocks-advanced-column" id="wp-block-themeisle-blocks-advanced-column-0fec2e2b">
<p>Amb l’objectiu de compartir activitats que ens ajudin a la criança i la educació, aquesta comissió organitza, al llarg del curs escolar, xerrades i jornades sobre aquells aspectes que ens puguin ser útils per totes les persones membres de la comunitat escolar. Les xerrades solen comptar amb la participació d’una persona especialista en el tema de debat que és punt de partida d’una tertúlia on tothom pot aportar el seu punt de vista.</p>
</div>
</div></div>
